Last updated on 2025-07-20 12:49:20 CEST.
Flavor | Version | Tinstall | Tcheck | Ttotal | Status | Flags |
---|---|---|---|---|---|---|
r-devel-linux-x86_64-debian-clang | 4.5.5 | 319.45 | 51.82 | 371.27 | OK | |
r-devel-linux-x86_64-debian-gcc | 4.5.5 | 250.99 | 41.90 | 292.89 | OK | |
r-devel-linux-x86_64-fedora-clang | 4.5.5 | 683.99 | OK | |||
r-devel-linux-x86_64-fedora-gcc | 4.5.5 | 767.29 | OK | |||
r-devel-windows-x86_64 | 4.5.5 | 343.00 | 135.00 | 478.00 | OK | |
r-patched-linux-x86_64 | 4.5.5 | 355.04 | 50.18 | 405.22 | OK | |
r-release-linux-x86_64 | 4.5.5 | 343.15 | 50.08 | 393.23 | OK | |
r-release-macos-arm64 | 4.5.5 | 181.00 | OK | |||
r-release-macos-x86_64 | 4.5.5 | 159.00 | OK | |||
r-release-windows-x86_64 | 4.5.5 | 327.00 | 127.00 | 454.00 | OK | |
r-oldrel-macos-arm64 | 4.5.5 | 161.00 | NOTE | |||
r-oldrel-macos-x86_64 | 4.5.5 | 139.00 | NOTE | |||
r-oldrel-windows-x86_64 | 4.5.5 | 420.00 | 146.00 | 566.00 | NOTE |
Version: 4.5.5
Check: installed package size
Result: NOTE
installed size is 33.9Mb
sub-directories of 1Mb or more:
libs 32.6Mb
Flavors: r-oldrel-macos-arm64, r-oldrel-macos-x86_64
Version: 4.5.5
Check: for GNU extensions in Makefiles
Result: NOTE
GNU make is a SystemRequirements.
Flavors: r-oldrel-macos-arm64, r-oldrel-macos-x86_64, r-oldrel-windows-x86_64