Last updated on 2024-06-30 00:59:10 CEST.
Flavor | Version | Tinstall | Tcheck | Ttotal | Status | Flags |
---|---|---|---|---|---|---|
r-devel-linux-x86_64-debian-clang | 1.1.0 | 50.95 | 97.34 | 148.29 | OK | |
r-devel-linux-x86_64-debian-gcc | 1.1.0 | 35.33 | 73.95 | 109.28 | OK | |
r-devel-linux-x86_64-fedora-clang | 1.1.0 | 200.06 | OK | |||
r-devel-linux-x86_64-fedora-gcc | 1.1.0 | 225.59 | OK | |||
r-devel-windows-x86_64 | 1.1.0 | 43.00 | 125.00 | 168.00 | NOTE | |
r-patched-linux-x86_64 | 1.1.0 | 50.29 | 97.23 | 147.52 | OK | |
r-release-linux-x86_64 | 1.1.0 | 46.32 | 96.61 | 142.93 | OK | |
r-release-macos-arm64 | 1.1.0 | 60.00 | NOTE | |||
r-release-macos-x86_64 | 1.1.0 | 90.00 | NOTE | |||
r-release-windows-x86_64 | 1.1.0 | 42.00 | 125.00 | 167.00 | NOTE | |
r-oldrel-macos-arm64 | 1.1.0 | 59.00 | NOTE | |||
r-oldrel-macos-x86_64 | 1.1.0 | 129.00 | NOTE | |||
r-oldrel-windows-x86_64 | 1.1.0 | 52.00 | 146.00 | 198.00 | NOTE |
Version: 1.1.0
Check: installed package size
Result: NOTE
installed size is 5.4Mb
sub-directories of 1Mb or more:
data 2.8Mb
doc 1.3Mb
libs 1.1Mb
Flavors: r-devel-windows-x86_64, r-release-macos-arm64, r-release-macos-x86_64, r-release-windows-x86_64, r-oldrel-macos-arm64, r-oldrel-macos-x86_64, r-oldrel-windows-x86_64