Last updated on 2025-11-05 00:49:25 CET.
| Flavor | Version | Tinstall | Tcheck | Ttotal | Status | Flags |
|---|---|---|---|---|---|---|
| r-devel-linux-x86_64-debian-clang | 1.1.1 | 36.30 | 53.09 | 89.39 | OK | |
| r-devel-linux-x86_64-debian-gcc | 1.1.1 | 25.89 | 39.05 | 64.94 | OK | |
| r-devel-linux-x86_64-fedora-clang | 1.1.1 | 118.00 | 32.51 | 150.51 | OK | |
| r-devel-linux-x86_64-fedora-gcc | 1.1.1 | 84.00 | 72.29 | 156.29 | OK | |
| r-devel-windows-x86_64 | 1.1.1 | 43.00 | 87.00 | 130.00 | OK | |
| r-patched-linux-x86_64 | 1.1.1 | 36.19 | 49.04 | 85.23 | OK | |
| r-release-linux-x86_64 | 1.1.1 | 36.70 | 49.14 | 85.84 | OK | |
| r-release-macos-arm64 | 1.1.1 | 17.00 | 47.00 | 64.00 | OK | |
| r-release-macos-x86_64 | 1.1.1 | 27.00 | 69.00 | 96.00 | OK | |
| r-release-windows-x86_64 | 1.1.1 | 42.00 | 87.00 | 129.00 | OK | |
| r-oldrel-macos-arm64 | 1.1.1 | 17.00 | 33.00 | 50.00 | NOTE | |
| r-oldrel-macos-x86_64 | 1.1.1 | 45.00 | 89.00 | 134.00 | NOTE | |
| r-oldrel-windows-x86_64 | 1.1.1 | 48.00 | 110.00 | 158.00 | OK |
Version: 1.1.1
Check: installed package size
Result: NOTE
installed size is 7.7Mb
sub-directories of 1Mb or more:
data 2.8Mb
libs 3.9Mb
Flavors: r-oldrel-macos-arm64, r-oldrel-macos-x86_64