Last updated on 2024-08-16 12:49:04 CEST.
Flavor | Version | Tinstall | Tcheck | Ttotal | Status | Flags |
---|---|---|---|---|---|---|
r-devel-linux-x86_64-debian-clang | 1.3.3 | 34.72 | 148.06 | 182.78 | NOTE | |
r-devel-linux-x86_64-debian-gcc | 1.3.3 | 21.35 | 99.86 | 121.21 | NOTE | |
r-devel-linux-x86_64-fedora-clang | 1.3.3 | 291.67 | OK | |||
r-devel-linux-x86_64-fedora-gcc | 1.3.3 | 274.10 | OK | |||
r-devel-windows-x86_64 | 1.3.3 | 33.00 | 155.00 | 188.00 | NOTE | |
r-patched-linux-x86_64 | 1.3.3 | 40.64 | 137.11 | 177.75 | OK | |
r-release-linux-x86_64 | 1.3.3 | 31.17 | 138.99 | 170.16 | OK | |
r-release-macos-arm64 | 1.3.3 | 78.00 | OK | |||
r-release-macos-x86_64 | 1.3.3 | 162.00 | OK | |||
r-release-windows-x86_64 | 1.3.3 | 31.00 | 156.00 | 187.00 | OK | |
r-oldrel-macos-arm64 | 1.3.3 | 87.00 | OK | |||
r-oldrel-macos-x86_64 | 1.3.3 | 240.00 | OK | |||
r-oldrel-windows-x86_64 | 1.3.3 | 44.00 | 204.00 | 248.00 | OK |
Version: 1.3.3
Check: Rd cross-references
Result: NOTE
Found the following Rd file(s) with Rd \link{} targets missing package
anchors:
bizicount.Rd: DHARMa
zic.reg.Rd: DHARMa
Please provide package anchors for all Rd \link{} targets not in the
package itself and the base packages.
Flavors: r-devel-linux-x86_64-debian-clang, r-devel-linux-x86_64-debian-gcc, r-devel-windows-x86_64