Last updated on 2025-05-19 12:49:59 CEST.
Flavor | Version | Tinstall | Tcheck | Ttotal | Status | Flags |
---|---|---|---|---|---|---|
r-devel-linux-x86_64-debian-gcc | 0.0.3 | 395.52 | 30.94 | 426.46 | OK | |
r-devel-linux-x86_64-fedora-clang | 0.0.3 | 44.34 | ERROR | |||
r-devel-linux-x86_64-fedora-gcc | 0.0.3 | 26.07 | ERROR | |||
r-devel-windows-x86_64 | 0.0.3 | 672.00 | 112.00 | 784.00 | OK | |
r-release-linux-x86_64 | 0.0.3 | 552.09 | 38.32 | 590.41 | OK | |
r-release-macos-arm64 | 0.0.3 | 224.00 | OK | |||
r-release-macos-x86_64 | 0.0.3 | OK | ||||
r-release-windows-x86_64 | 0.0.3 | 501.00 | 131.00 | 632.00 | OK | |
r-oldrel-macos-arm64 | 0.0.3 | 221.00 | NOTE | |||
r-oldrel-macos-x86_64 | 0.0.3 | ERROR |
Version: 0.0.3
Check: whether package can be installed
Result: ERROR
Installation failed.
Flavors: r-devel-linux-x86_64-fedora-clang, r-devel-linux-x86_64-fedora-gcc
Version: 0.0.3
Check: installed package size
Result: NOTE
installed size is 43.8Mb
sub-directories of 1Mb or more:
libs 43.5Mb
Flavors: r-oldrel-macos-arm64, r-oldrel-macos-x86_64
Version: 0.0.3
Check: PDF version of manual
Result: WARN
LaTeX errors when creating PDF version.
This typically indicates Rd problems.
LaTeX errors found:
!pdfTeX error: pdflatex: fflush() failed (No space left on device)
==> Fatal error occurred, no output PDF file produced!
Flavor: r-oldrel-macos-x86_64
Version: 0.0.3
Check: PDF version of manual without index
Result: ERROR
Re-running with no redirection of stdout/stderr.
Flavor: r-oldrel-macos-x86_64