Last updated on 2024-08-16 12:49:04 CEST.
Flavor | Version | Tinstall | Tcheck | Ttotal | Status | Flags |
---|---|---|---|---|---|---|
r-devel-linux-x86_64-debian-clang | 2.20 | 27.77 | 205.59 | 233.36 | NOTE | |
r-devel-linux-x86_64-debian-gcc | 2.20 | 18.39 | 135.99 | 154.38 | NOTE | |
r-devel-linux-x86_64-fedora-clang | 2.20 | 386.84 | OK | |||
r-devel-linux-x86_64-fedora-gcc | 2.20 | 374.00 | OK | |||
r-devel-windows-x86_64 | 2.20 | 34.00 | 268.00 | 302.00 | NOTE | |
r-patched-linux-x86_64 | 2.20 | 32.66 | 189.27 | 221.93 | OK | |
r-release-linux-x86_64 | 2.20 | 27.01 | 190.38 | 217.39 | OK | |
r-release-macos-arm64 | 2.20 | 102.00 | OK | |||
r-release-macos-x86_64 | 2.20 | 157.00 | OK | |||
r-release-windows-x86_64 | 2.20 | 37.00 | 268.00 | 305.00 | OK | |
r-oldrel-macos-arm64 | 2.20 | 121.00 | OK | |||
r-oldrel-macos-x86_64 | 2.20 | 292.00 | OK | |||
r-oldrel-windows-x86_64 | 2.20 | 42.00 | 321.00 | 363.00 | OK |
Version: 2.20
Check: Rd cross-references
Result: NOTE
Found the following Rd file(s) with Rd \link{} targets missing package
anchors:
betalinkr.Rd: vegdist, betadiver
Please provide package anchors for all Rd \link{} targets not in the
package itself and the base packages.
Flavors: r-devel-linux-x86_64-debian-clang, r-devel-linux-x86_64-debian-gcc, r-devel-windows-x86_64