Last updated on 2025-04-29 01:49:27 CEST.
Flavor | Version | Tinstall | Tcheck | Ttotal | Status | Flags |
---|---|---|---|---|---|---|
r-devel-linux-x86_64-debian-clang | 1.3 | 10.43 | 75.03 | 85.46 | OK | |
r-devel-linux-x86_64-debian-gcc | 1.3 | 6.97 | 52.33 | 59.30 | NOTE | |
r-devel-linux-x86_64-fedora-clang | 1.3 | 130.73 | OK | |||
r-devel-linux-x86_64-fedora-gcc | 1.3 | 124.68 | OK | |||
r-devel-windows-x86_64 | 1.3 | 11.00 | 85.00 | 96.00 | OK | |
r-patched-linux-x86_64 | 1.3 | 8.41 | 69.64 | 78.05 | OK | |
r-release-linux-x86_64 | 1.3 | 9.70 | 68.62 | 78.32 | OK | |
r-release-macos-arm64 | 1.3 | 42.00 | OK | |||
r-release-macos-x86_64 | 1.3 | 81.00 | OK | |||
r-release-windows-x86_64 | 1.3 | 10.00 | 86.00 | 96.00 | OK | |
r-oldrel-macos-arm64 | 1.3 | 37.00 | OK | |||
r-oldrel-macos-x86_64 | 1.3 | 62.00 | OK | |||
r-oldrel-windows-x86_64 | 1.3 | 15.00 | 106.00 | 121.00 | OK |
Version: 1.3
Check: CRAN incoming feasibility
Result: NOTE
Maintainer: ‘Berkley Shands <rpackages@biorankings.com>’
No Authors@R field in DESCRIPTION.
Please add one, modifying
Authors@R: c(person(given = "Terrence",
family = "Brooks",
role = "aut"),
person(given = "Berkley",
family = "Shands",
role = c("aut", "cre"),
email = "rpackages@biorankings.com"),
person(given = "Skye",
family = "Buckner-Petty",
role = "aut"),
person(given = c("Patricio", "S."),
family = "La Rosa",
role = "aut"),
person(given = "Elena",
family = "Deych",
role = "aut"),
person(given = c("William", "D."),
family = "Shannon",
role = "aut"))
as necessary.
Flavor: r-devel-linux-x86_64-debian-gcc