Last updated on 2025-02-22 00:49:39 CET.
Flavor | Version | Tinstall | Tcheck | Ttotal | Status | Flags |
---|---|---|---|---|---|---|
r-devel-linux-x86_64-debian-clang | 0.2.3 | 48.24 | 48.05 | 96.29 | OK | |
r-devel-linux-x86_64-debian-gcc | 0.2.3 | 33.61 | 35.69 | 69.30 | OK | |
r-devel-linux-x86_64-fedora-clang | 0.2.3 | 177.49 | OK | |||
r-devel-linux-x86_64-fedora-gcc | 0.2.3 | 173.70 | OK | |||
r-devel-macos-arm64 | 0.2.3 | 46.00 | OK | |||
r-devel-macos-x86_64 | 0.2.3 | 94.00 | OK | |||
r-devel-windows-x86_64 | 0.2.3 | 52.00 | 91.00 | 143.00 | OK | |
r-patched-linux-x86_64 | 0.2.3 | 49.64 | 47.70 | 97.34 | OK | |
r-release-linux-x86_64 | 0.2.3 | 52.20 | 46.99 | 99.19 | OK | |
r-release-macos-arm64 | 0.2.3 | 44.00 | NOTE | |||
r-release-macos-x86_64 | 0.2.3 | 54.00 | NOTE | |||
r-release-windows-x86_64 | 0.2.3 | 55.00 | 92.00 | 147.00 | OK | |
r-oldrel-macos-arm64 | 0.2.3 | 53.00 | NOTE | |||
r-oldrel-macos-x86_64 | 0.2.3 | 82.00 | NOTE | |||
r-oldrel-windows-x86_64 | 0.2.3 | 67.00 | 104.00 | 171.00 | OK |
Version: 0.2.3
Check: installed package size
Result: NOTE
installed size is 5.6Mb
sub-directories of 1Mb or more:
libs 4.6Mb
Flavors: r-release-macos-arm64, r-release-macos-x86_64, r-oldrel-macos-arm64, r-oldrel-macos-x86_64