Last updated on 2024-08-16 12:49:04 CEST.
Flavor | Version | Tinstall | Tcheck | Ttotal | Status | Flags |
---|---|---|---|---|---|---|
r-devel-linux-x86_64-debian-clang | 1.5.1 | 17.31 | 72.99 | 90.30 | NOTE | |
r-devel-linux-x86_64-debian-gcc | 1.5.1 | 12.53 | 50.88 | 63.41 | NOTE | |
r-devel-linux-x86_64-fedora-clang | 1.5.1 | 147.59 | NOTE | |||
r-devel-linux-x86_64-fedora-gcc | 1.5.1 | 141.75 | NOTE | |||
r-devel-windows-x86_64 | 1.5.1 | 23.00 | 101.00 | 124.00 | NOTE | |
r-patched-linux-x86_64 | 1.5.1 | 20.89 | 67.75 | 88.64 | OK | |
r-release-linux-x86_64 | 1.5.1 | 17.75 | 68.80 | 86.55 | OK | |
r-release-macos-arm64 | 1.5.1 | 39.00 | OK | |||
r-release-macos-x86_64 | 1.5.1 | 62.00 | OK | |||
r-release-windows-x86_64 | 1.5.1 | 21.00 | 100.00 | 121.00 | OK | |
r-oldrel-macos-arm64 | 1.5.1 | 46.00 | OK | |||
r-oldrel-macos-x86_64 | 1.5.1 | 96.00 | OK | |||
r-oldrel-windows-x86_64 | 1.5.1 | 26.00 | 120.00 | 146.00 | OK |
Version: 1.5.1
Check: Rd cross-references
Result: NOTE
Found the following Rd file(s) with Rd \link{} targets missing package
anchors:
DBI.Rd: DBIObject-class, DBIDriver-class, DBIConnection-class,
DBIResult-class
bigquery.Rd: DBIDriver-class, DBIConnection-class
Please provide package anchors for all Rd \link{} targets not in the
package itself and the base packages.
Flavors: r-devel-linux-x86_64-debian-clang, r-devel-linux-x86_64-debian-gcc, r-devel-windows-x86_64
Version: 1.5.1
Check: compiled code
Result: NOTE
File ‘bigrquery/libs/bigrquery.so’:
Found non-API calls to R: ‘SETLENGTH’, ‘SET_GROWABLE_BIT’,
‘SET_TRUELENGTH’
Compiled code should not call non-API entry points in R.
See ‘Writing portable packages’ in the ‘Writing R Extensions’ manual,
and section ‘Moving into C API compliance’ for issues with the use of
non-API entry points.
Flavors: r-devel-linux-x86_64-debian-clang, r-devel-linux-x86_64-debian-gcc, r-devel-linux-x86_64-fedora-clang, r-devel-linux-x86_64-fedora-gcc
Version: 1.5.1
Check: compiled code
Result: NOTE
File 'bigrquery/libs/x64/bigrquery.dll':
Found non-API calls to R: 'SETLENGTH', 'SET_GROWABLE_BIT',
'SET_TRUELENGTH'
Compiled code should not call non-API entry points in R.
See 'Writing portable packages' in the 'Writing R Extensions' manual,
and section 'Moving into C API compliance' for issues with the use of
non-API entry points.
Flavor: r-devel-windows-x86_64