Last updated on 2024-07-13 12:48:10 CEST.
Flavor | Version | Tinstall | Tcheck | Ttotal | Status | Flags |
---|---|---|---|---|---|---|
r-devel-linux-x86_64-debian-clang | 4.6.4 | 85.38 | 51.38 | 136.76 | OK | |
r-devel-linux-x86_64-debian-gcc | 4.6.4 | 73.79 | 38.57 | 112.36 | OK | |
r-devel-linux-x86_64-fedora-clang | 4.6.4 | 190.12 | OK | |||
r-devel-linux-x86_64-fedora-gcc | 4.6.4 | 237.02 | OK | |||
r-devel-windows-x86_64 | 4.6.4 | 88.00 | 86.00 | 174.00 | OK | |
r-patched-linux-x86_64 | 4.6.4 | 86.81 | 48.31 | 135.12 | OK | |
r-release-linux-x86_64 | 4.6.4 | 80.78 | 48.09 | 128.87 | OK | |
r-release-macos-arm64 | 4.6.4 | 47.00 | NOTE | |||
r-release-macos-x86_64 | 4.6.4 | 86.00 | NOTE | |||
r-release-windows-x86_64 | 4.6.4 | 93.00 | 85.00 | 178.00 | OK | |
r-oldrel-macos-arm64 | 4.6.4 | 47.00 | NOTE | |||
r-oldrel-macos-x86_64 | 4.6.4 | 91.00 | NOTE | |||
r-oldrel-windows-x86_64 | 4.6.4 | 98.00 | 95.00 | 193.00 | OK |
Version: 4.6.4
Check: installed package size
Result: NOTE
installed size is 7.3Mb
sub-directories of 1Mb or more:
libs 6.8Mb
Flavors: r-release-macos-arm64, r-release-macos-x86_64, r-oldrel-macos-arm64, r-oldrel-macos-x86_64