CRAN Package Check Results for Package bigdatadist

Last updated on 2025-04-29 01:49:27 CEST.

Flavor Version Tinstall Tcheck Ttotal Status Flags
r-devel-linux-x86_64-debian-clang 1.1 4.37 32.73 37.10 OK
r-devel-linux-x86_64-debian-gcc 1.1 3.40 26.32 29.72 NOTE
r-devel-linux-x86_64-fedora-clang 1.1 56.99 OK
r-devel-linux-x86_64-fedora-gcc 1.1 55.26 OK
r-devel-windows-x86_64 1.1 7.00 55.00 62.00 OK
r-patched-linux-x86_64 1.1 4.14 31.67 35.81 OK
r-release-linux-x86_64 1.1 4.21 31.72 35.93 OK
r-release-macos-arm64 1.1 29.00 OK
r-release-macos-x86_64 1.1 46.00 OK
r-release-windows-x86_64 1.1 8.00 55.00 63.00 OK
r-oldrel-macos-arm64 1.1 24.00 OK
r-oldrel-macos-x86_64 1.1 38.00 OK
r-oldrel-windows-x86_64 1.1 9.00 62.00 71.00 OK

Check Details

Version: 1.1
Check: CRAN incoming feasibility
Result: NOTE Maintainer: ‘Gabriel Martos <gmartos@utdt.edu>’ Package CITATION file contains call(s) to old-style personList() or as.personList(). Please use c() on person objects instead. Package CITATION file contains call(s) to old-style citEntry(). Please use bibentry() instead. Found the following \keyword or \concept entries which likely give several index terms: File ‘entropy.fd.Rd’: \keyword{rkhs, Entropy} Flavor: r-devel-linux-x86_64-debian-gcc