Last updated on 2024-06-30 00:59:09 CEST.
Flavor | Version | Tinstall | Tcheck | Ttotal | Status | Flags |
---|---|---|---|---|---|---|
r-devel-linux-x86_64-debian-clang | 0.3.0 | 180.99 | 235.97 | 416.96 | NOTE | |
r-devel-linux-x86_64-debian-gcc | 0.3.0 | 154.27 | 179.55 | 333.82 | NOTE | |
r-devel-linux-x86_64-fedora-clang | 0.3.0 | 522.41 | NOTE | |||
r-devel-linux-x86_64-fedora-gcc | 0.3.0 | 605.08 | NOTE | |||
r-devel-windows-x86_64 | 0.3.0 | 146.00 | 216.00 | 362.00 | NOTE | |
r-patched-linux-x86_64 | 0.3.0 | 0.01 | 2.54 | 2.55 | ERROR | |
r-release-linux-x86_64 | 0.3.0 | 143.11 | 240.25 | 383.36 | NOTE | |
r-release-macos-arm64 | 0.3.0 | 127.00 | NOTE | |||
r-release-macos-x86_64 | 0.3.0 | 265.00 | NOTE | |||
r-release-windows-x86_64 | 0.3.0 | 151.00 | 208.00 | 359.00 | NOTE | |
r-oldrel-macos-arm64 | 0.3.0 | 223.00 | NOTE | |||
r-oldrel-macos-x86_64 | 0.3.0 | 344.00 | NOTE | |||
r-oldrel-windows-x86_64 | 0.3.0 | 193.00 | 262.00 | 455.00 | NOTE |
Version: 0.3.0
Check: for GNU extensions in Makefiles
Result: NOTE
GNU make is a SystemRequirements.
Flavors: r-devel-linux-x86_64-debian-clang, r-devel-linux-x86_64-debian-gcc, r-devel-linux-x86_64-fedora-clang, r-devel-linux-x86_64-fedora-gcc, r-devel-windows-x86_64, r-release-linux-x86_64, r-release-macos-arm64, r-release-macos-x86_64, r-release-windows-x86_64, r-oldrel-macos-arm64, r-oldrel-macos-x86_64, r-oldrel-windows-x86_64
Version: 0.3.0
Check: Rd cross-references
Result: NOTE
Undeclared package ‘tibble’ in Rd xrefs
Flavor: r-devel-linux-x86_64-fedora-clang
Version: 0.3.0
Check: whether package can be installed
Result: ERROR
Installation failed.
Flavor: r-patched-linux-x86_64
Version: 0.3.0
Check: installed package size
Result: NOTE
installed size is 43.4Mb
sub-directories of 1Mb or more:
libs 42.8Mb
Flavors: r-release-macos-arm64, r-release-macos-x86_64, r-oldrel-macos-arm64, r-oldrel-macos-x86_64