Last updated on 2025-11-05 00:49:25 CET.
| Flavor | Version | Tinstall | Tcheck | Ttotal | Status | Flags |
|---|---|---|---|---|---|---|
| r-devel-linux-x86_64-debian-clang | 3.1 | 747.52 | 251.61 | 999.13 | NOTE | |
| r-devel-linux-x86_64-debian-gcc | 3.1 | 680.20 | 228.81 | 909.01 | NOTE | |
| r-devel-linux-x86_64-fedora-clang | 3.1 | 1200.00 | 372.37 | 1572.37 | ERROR | |
| r-devel-linux-x86_64-fedora-gcc | 3.1 | 2160.00 | -59.29 | 2100.71 | OK | |
| r-devel-windows-x86_64 | 3.1 | 861.00 | 316.00 | 1177.00 | OK | |
| r-patched-linux-x86_64 | 3.1 | 883.56 | 321.54 | 1205.10 | OK | |
| r-release-linux-x86_64 | 3.1 | 902.85 | 323.87 | 1226.72 | OK | |
| r-release-macos-arm64 | 3.1 | 310.00 | 88.00 | 398.00 | OK | |
| r-release-macos-x86_64 | 3.1 | 431.00 | 154.00 | 585.00 | OK | |
| r-release-windows-x86_64 | 3.1 | 831.00 | 313.00 | 1144.00 | OK | |
| r-oldrel-macos-arm64 | 3.1 | 158.00 | 60.00 | 218.00 | NOTE | |
| r-oldrel-macos-x86_64 | 3.1 | 125.00 | 113.00 | 238.00 | NOTE | |
| r-oldrel-windows-x86_64 | 3.1 | 947.00 | 404.00 | 1351.00 | NOTE |
Version: 3.1
Check: CRAN incoming feasibility
Result: NOTE
Maintainer: ‘Chenguang Wang <cwang68@jhmi.edu>’
No Authors@R field in DESCRIPTION.
Please add one, modifying
Authors@R: c(person(given = "Chenguang",
family = "Wang",
role = c("aut", "cre"),
email = "cwang68@jhmi.edu"),
person(given = "Ravi",
family = "Varadhan",
role = "aut"),
person(given = c("Trustees", "of", "Columbia"),
family = "University",
role = "cph",
comment = "tools/make_cpp.R, R/stanmodels.R"))
as necessary.
Flavors: r-devel-linux-x86_64-debian-clang, r-devel-linux-x86_64-debian-gcc
Version: 3.1
Check: PDF version of manual
Result: WARN
LaTeX errors when creating PDF version.
This typically indicates Rd problems.
LaTeX errors found:
! Missing $ inserted.
<inserted text>
$
l.170 }{}
! Missing $ inserted.
<inserted text>
$
l.170 }{}
! Missing $ inserted.
<inserted text>
$
l.187 \end{array} }{}
! Missing $ inserted.
<inserted text>
$
l.187 \end{array} }{}
Flavor: r-devel-linux-x86_64-fedora-clang
Version: 3.1
Check: PDF version of manual without index
Result: ERROR
Flavor: r-devel-linux-x86_64-fedora-clang
Version: 3.1
Check: for non-standard things in the check directory
Result: NOTE
Found the following files/directories:
‘beanz-manual.tex’
Flavor: r-devel-linux-x86_64-fedora-clang
Version: 3.1
Check: installed package size
Result: NOTE
installed size is 118.5Mb
sub-directories of 1Mb or more:
libs 116.9Mb
Flavors: r-oldrel-macos-arm64, r-oldrel-macos-x86_64, r-oldrel-windows-x86_64
Version: 3.1
Check: for GNU extensions in Makefiles
Result: NOTE
GNU make is a SystemRequirements.
Flavors: r-oldrel-macos-arm64, r-oldrel-macos-x86_64, r-oldrel-windows-x86_64