Last updated on 2025-05-19 01:49:47 CEST.
Flavor | Version | Tinstall | Tcheck | Ttotal | Status | Flags |
---|---|---|---|---|---|---|
r-devel-linux-x86_64-debian-clang | 0.1.3 | 133.15 | 25.02 | 158.17 | NOTE | |
r-devel-linux-x86_64-debian-gcc | 0.1.3 | 87.78 | 20.22 | 108.00 | NOTE | |
r-devel-linux-x86_64-fedora-clang | 0.1.3 | 317.69 | NOTE | |||
r-devel-linux-x86_64-fedora-gcc | 0.1.3 | 315.74 | NOTE | |||
r-devel-windows-x86_64 | 0.1.3 | 152.00 | 69.00 | 221.00 | NOTE | |
r-patched-linux-x86_64 | 0.1.3 | 122.00 | 24.06 | 146.06 | NOTE | |
r-release-linux-x86_64 | 0.1.3 | 122.13 | 24.35 | 146.48 | NOTE | |
r-release-macos-arm64 | 0.1.3 | 64.00 | NOTE | |||
r-release-macos-x86_64 | 0.1.3 | 69.00 | NOTE | |||
r-release-windows-x86_64 | 0.1.3 | 144.00 | 70.00 | 214.00 | NOTE | |
r-oldrel-macos-arm64 | 0.1.3 | 55.00 | NOTE | |||
r-oldrel-macos-x86_64 | 0.1.3 | 59.00 | NOTE | |||
r-oldrel-windows-x86_64 | 0.1.3 | 172.00 | 79.00 | 251.00 | NOTE |
Version: 0.1.3
Check: C++ specification
Result: NOTE
Specified C++11: please drop specification unless essential
Flavors: r-devel-linux-x86_64-debian-clang, r-devel-linux-x86_64-debian-gcc, r-devel-linux-x86_64-fedora-clang, r-devel-linux-x86_64-fedora-gcc, r-devel-windows-x86_64, r-patched-linux-x86_64, r-release-linux-x86_64, r-release-macos-arm64, r-release-macos-x86_64, r-release-windows-x86_64, r-oldrel-macos-arm64, r-oldrel-macos-x86_64, r-oldrel-windows-x86_64
Version: 0.1.3
Check: installed package size
Result: NOTE
installed size is 6.2Mb
sub-directories of 1Mb or more:
libs 6.1Mb
Flavors: r-oldrel-macos-arm64, r-oldrel-macos-x86_64