CRAN Package Check Results for Package bayesammi

Last updated on 2025-04-29 01:49:27 CEST.

Flavor Version Tinstall Tcheck Ttotal Status Flags
r-devel-linux-x86_64-debian-clang 0.3.0 13.27 102.05 115.32 OK
r-devel-linux-x86_64-debian-gcc 0.3.0 8.15 75.93 84.08 NOTE
r-devel-linux-x86_64-fedora-clang 0.3.0 182.35 OK
r-devel-linux-x86_64-fedora-gcc 0.3.0 167.35 OK
r-devel-windows-x86_64 0.3.0 14.00 113.00 127.00 OK
r-patched-linux-x86_64 0.3.0 12.50 100.89 113.39 OK
r-release-linux-x86_64 0.3.0 10.75 101.73 112.48 OK
r-release-macos-arm64 0.3.0 48.00 OK
r-release-macos-x86_64 0.3.0 154.00 OK
r-release-windows-x86_64 0.3.0 13.00 113.00 126.00 OK
r-oldrel-macos-arm64 0.3.0 50.00 OK
r-oldrel-macos-x86_64 0.3.0 87.00 OK
r-oldrel-windows-x86_64 0.3.0 19.00 138.00 157.00 OK

Check Details

Version: 0.3.0
Check: examples
Result: NOTE Examples with CPU (user + system) or elapsed time > 5s user system elapsed bayes_ammi 5.441 0.368 7.664 Flavor: r-devel-linux-x86_64-debian-gcc