CRAN Package Check Results for Package bayesEO

Last updated on 2025-05-19 12:49:58 CEST.

Flavor Version Tinstall Tcheck Ttotal Status Flags
r-devel-linux-x86_64-debian-clang 0.2.1 39.46 55.36 94.82 NOTE
r-devel-linux-x86_64-debian-gcc 0.2.1 26.91 40.26 67.17 NOTE
r-devel-linux-x86_64-fedora-clang 0.2.1 172.42 NOTE
r-devel-linux-x86_64-fedora-gcc 0.2.1 163.14 NOTE
r-devel-windows-x86_64 0.2.1 53.00 94.00 147.00 NOTE
r-patched-linux-x86_64 0.2.1 39.95 53.32 93.27 NOTE
r-release-linux-x86_64 0.2.1 41.35 53.24 94.59 NOTE
r-release-macos-arm64 0.2.1 43.00 NOTE
r-release-macos-x86_64 0.2.1 64.00 NOTE
r-release-windows-x86_64 0.2.1 53.00 99.00 152.00 NOTE
r-oldrel-macos-arm64 0.2.1 47.00 NOTE
r-oldrel-macos-x86_64 0.2.1 81.00 NOTE
r-oldrel-windows-x86_64 0.2.1 57.00 114.00 171.00 NOTE

Check Details

Version: 0.2.1
Check: DESCRIPTION meta-information
Result: NOTE Missing dependency on R >= 4.1.0 because package code uses the pipe |> or function shorthand \(...) syntax added in R 4.1.0. File(s) using such syntax: ‘bayes_colors.R’ ‘bayes_label.R’ Flavors: r-devel-linux-x86_64-debian-clang, r-devel-linux-x86_64-debian-gcc, r-devel-linux-x86_64-fedora-clang, r-devel-linux-x86_64-fedora-gcc, r-devel-windows-x86_64, r-patched-linux-x86_64, r-release-linux-x86_64, r-release-macos-arm64, r-release-macos-x86_64, r-release-windows-x86_64

Version: 0.2.1
Check: installed package size
Result: NOTE installed size is 6.4Mb sub-directories of 1Mb or more: extdata 4.1Mb libs 2.2Mb Flavors: r-oldrel-macos-arm64, r-oldrel-macos-x86_64, r-oldrel-windows-x86_64