Last updated on 2025-07-20 12:49:20 CEST.
Flavor | Version | Tinstall | Tcheck | Ttotal | Status | Flags |
---|---|---|---|---|---|---|
r-devel-linux-x86_64-debian-clang | 1.1.3 | 12.11 | 79.01 | 91.12 | NOTE | |
r-devel-linux-x86_64-debian-gcc | 1.1.3 | 8.26 | 56.07 | 64.33 | NOTE | |
r-devel-linux-x86_64-fedora-clang | 1.1.3 | 145.11 | NOTE | |||
r-devel-linux-x86_64-fedora-gcc | 1.1.3 | 153.02 | NOTE | |||
r-devel-windows-x86_64 | 1.1.3 | 16.00 | 114.00 | 130.00 | NOTE | |
r-patched-linux-x86_64 | 1.1.3 | 11.72 | 75.14 | 86.86 | NOTE | |
r-release-linux-x86_64 | 1.1.3 | 10.82 | 76.83 | 87.65 | NOTE | |
r-release-macos-arm64 | 1.1.3 | 77.00 | NOTE | |||
r-release-macos-x86_64 | 1.1.3 | 106.00 | NOTE | |||
r-release-windows-x86_64 | 1.1.3 | 16.00 | 111.00 | 127.00 | NOTE | |
r-oldrel-macos-arm64 | 1.1.3 | 50.00 | NOTE | |||
r-oldrel-macos-x86_64 | 1.1.3 | 77.00 | NOTE | |||
r-oldrel-windows-x86_64 | 1.1.3 | 20.00 | 138.00 | 158.00 | NOTE |
Version: 1.1.3
Check: Rd files
Result: NOTE
checkRd: (-1) plotDistributions.Rd:32: Lost braces
32 | plot{...} functions are generated programmatically so the function calls in
| ^
Flavors: r-devel-linux-x86_64-debian-clang, r-devel-linux-x86_64-debian-gcc, r-devel-linux-x86_64-fedora-clang, r-devel-linux-x86_64-fedora-gcc, r-devel-windows-x86_64, r-patched-linux-x86_64, r-release-linux-x86_64, r-release-macos-arm64, r-release-macos-x86_64, r-release-windows-x86_64, r-oldrel-macos-arm64, r-oldrel-macos-x86_64, r-oldrel-windows-x86_64