Last updated on 2025-04-29 01:49:27 CEST.
Flavor | Version | Tinstall | Tcheck | Ttotal | Status | Flags |
---|---|---|---|---|---|---|
r-devel-linux-x86_64-debian-clang | 1.3.4.1 | 6.25 | 63.65 | 69.90 | OK | |
r-devel-linux-x86_64-debian-gcc | 1.3.4.1 | 4.00 | 48.76 | 52.76 | NOTE | |
r-devel-linux-x86_64-fedora-clang | 1.3.4.1 | 110.62 | OK | |||
r-devel-linux-x86_64-fedora-gcc | 1.3.4.1 | 122.83 | OK | |||
r-devel-windows-x86_64 | 1.3.4.1 | 7.00 | 102.00 | 109.00 | OK | |
r-patched-linux-x86_64 | 1.3.4.1 | 6.86 | 62.31 | 69.17 | OK | |
r-release-linux-x86_64 | 1.3.4.1 | 6.18 | 61.45 | 67.63 | OK | |
r-release-macos-arm64 | 1.3.4.1 | 48.00 | OK | |||
r-release-macos-x86_64 | 1.3.4.1 | 80.00 | OK | |||
r-release-windows-x86_64 | 1.3.4.1 | 9.00 | 104.00 | 113.00 | OK | |
r-oldrel-macos-arm64 | 1.3.4.1 | 45.00 | OK | |||
r-oldrel-macos-x86_64 | 1.3.4.1 | 79.00 | OK | |||
r-oldrel-windows-x86_64 | 1.3.4.1 | 10.00 | 110.00 | 120.00 | OK |
Version: 1.3.4.1
Check: CRAN incoming feasibility
Result: NOTE
Maintainer: ‘Adam Kapelner <kapelner@qc.cuny.edu>’
No Authors@R field in DESCRIPTION.
Please add one, modifying
Authors@R: c(person(given = "Adam",
family = "Kapelner",
role = c("aut", "cre"),
email = "kapelner@qc.cuny.edu"),
person(given = "Justin",
family = "Bleich",
role = "aut",
comment = c(ROR = "R package")))
as necessary.
Flavor: r-devel-linux-x86_64-debian-gcc