Last updated on 2024-08-16 12:49:03 CEST.
Flavor | Version | Tinstall | Tcheck | Ttotal | Status | Flags |
---|---|---|---|---|---|---|
r-devel-linux-x86_64-debian-clang | 1.0-8 | 6.42 | 136.53 | 142.95 | NOTE | |
r-devel-linux-x86_64-debian-gcc | 1.0-8 | 3.38 | 92.73 | 96.11 | NOTE | |
r-devel-linux-x86_64-fedora-clang | 1.0-8 | 236.31 | OK | |||
r-devel-linux-x86_64-fedora-gcc | 1.0-8 | 231.14 | OK | |||
r-devel-windows-x86_64 | 1.0-8 | 8.00 | 185.00 | 193.00 | NOTE | |
r-patched-linux-x86_64 | 1.0-8 | 8.42 | 132.69 | 141.11 | OK | |
r-release-linux-x86_64 | 1.0-8 | 6.16 | 132.25 | 138.41 | OK | |
r-release-macos-arm64 | 1.0-8 | 33.00 | OK | |||
r-release-macos-x86_64 | 1.0-8 | 118.00 | OK | |||
r-release-windows-x86_64 | 1.0-8 | 7.00 | 186.00 | 193.00 | OK | |
r-oldrel-macos-arm64 | 1.0-8 | 37.00 | OK | |||
r-oldrel-macos-x86_64 | 1.0-8 | 76.00 | OK | |||
r-oldrel-windows-x86_64 | 1.0-8 | 9.00 | 223.00 | 232.00 | OK |
Version: 1.0-8
Check: Rd cross-references
Result: NOTE
Found the following Rd file(s) with Rd \link{} targets missing package
anchors:
bartc.Rd: rbart_vi, bart2, dbartsData
plot.Rd: rpart
Please provide package anchors for all Rd \link{} targets not in the
package itself and the base packages.
Flavors: r-devel-linux-x86_64-debian-clang, r-devel-linux-x86_64-debian-gcc, r-devel-windows-x86_64