Last updated on 2025-04-29 01:49:27 CEST.
Flavor | Version | Tinstall | Tcheck | Ttotal | Status | Flags |
---|---|---|---|---|---|---|
r-devel-linux-x86_64-debian-clang | 1.0.0 | 5.29 | 40.77 | 46.06 | OK | |
r-devel-linux-x86_64-debian-gcc | 1.0.0 | 4.01 | 31.62 | 35.63 | NOTE | |
r-devel-linux-x86_64-fedora-clang | 1.0.0 | 69.75 | OK | |||
r-devel-linux-x86_64-fedora-gcc | 1.0.0 | 65.82 | OK | |||
r-devel-windows-x86_64 | 1.0.0 | 6.00 | 68.00 | 74.00 | OK | |
r-patched-linux-x86_64 | 1.0.0 | 4.29 | 37.88 | 42.17 | OK | |
r-release-linux-x86_64 | 1.0.0 | 4.89 | 38.02 | 42.91 | OK | |
r-release-macos-arm64 | 1.0.0 | 38.00 | OK | |||
r-release-macos-x86_64 | 1.0.0 | 51.00 | OK | |||
r-release-windows-x86_64 | 1.0.0 | 7.00 | 70.00 | 77.00 | OK | |
r-oldrel-macos-arm64 | 1.0.0 | 34.00 | OK | |||
r-oldrel-macos-x86_64 | 1.0.0 | 42.00 | OK | |||
r-oldrel-windows-x86_64 | 1.0.0 | 8.00 | 79.00 | 87.00 | OK |
Version: 1.0.0
Check: CRAN incoming feasibility
Result: NOTE
Maintainer: ‘Rafael Santos <rafael.jpsantos@outlook.com>’
The Description field contains
<arXiv:2001.00636>.
Please refer to arXiv e-prints via their arXiv DOI <doi:10.48550/arXiv.YYMM.NNNNN>.
Flavor: r-devel-linux-x86_64-debian-gcc
Version: 1.0.0
Check: examples
Result: NOTE
Examples with CPU (user + system) or elapsed time > 5s
user system elapsed
bagged.outliertrees 0.392 0.164 6.884
print.bagged.outlieroutputs 0.302 0.045 6.235
predict.bagged.outliertrees 0.279 0.010 5.966
Flavor: r-devel-linux-x86_64-debian-gcc