Last updated on 2025-05-19 01:49:46 CEST.
Flavor | Version | Tinstall | Tcheck | Ttotal | Status | Flags |
---|---|---|---|---|---|---|
r-devel-linux-x86_64-debian-clang | 1.0.0 | 2.37 | 25.27 | 27.64 | NOTE | |
r-devel-linux-x86_64-debian-gcc | 1.0.0 | 1.58 | 20.31 | 21.89 | NOTE | |
r-devel-linux-x86_64-fedora-clang | 1.0.0 | 43.19 | OK | |||
r-devel-linux-x86_64-fedora-gcc | 1.0.0 | 42.35 | OK | |||
r-devel-windows-x86_64 | 1.0.0 | 3.00 | 55.00 | 58.00 | OK | |
r-patched-linux-x86_64 | 1.0.0 | 2.74 | 24.60 | 27.34 | OK | |
r-release-linux-x86_64 | 1.0.0 | 2.49 | 24.30 | 26.79 | OK | |
r-release-macos-arm64 | 1.0.0 | 22.00 | OK | |||
r-release-macos-x86_64 | 1.0.0 | 36.00 | OK | |||
r-release-windows-x86_64 | 1.0.0 | 4.00 | 52.00 | 56.00 | OK | |
r-oldrel-macos-arm64 | 1.0.0 | 22.00 | NOTE | |||
r-oldrel-macos-x86_64 | 1.0.0 | 37.00 | NOTE | |||
r-oldrel-windows-x86_64 | 1.0.0 | 3.00 | 53.00 | 56.00 | NOTE |
Version: 1.0.0
Check: CRAN incoming feasibility
Result: NOTE
Maintainer: ‘J. Jack Lee <jjlee@mdanderson.org>’
No Authors@R field in DESCRIPTION.
Please add one, modifying
Authors@R: c(person(given = "Nan",
family = "Chen",
role = "aut"),
person(given = c("J.", "Jack"),
family = "Lee",
role = c("aut", "cre"),
email = "jjlee@mdanderson.org"))
as necessary.
Flavors: r-devel-linux-x86_64-debian-clang, r-devel-linux-x86_64-debian-gcc
Version: 1.0.0
Check: LazyData
Result: NOTE
'LazyData' is specified without a 'data' directory
Flavors: r-oldrel-macos-arm64, r-oldrel-macos-x86_64, r-oldrel-windows-x86_64