Last updated on 2025-04-29 01:49:27 CEST.
Flavor | Version | Tinstall | Tcheck | Ttotal | Status | Flags |
---|---|---|---|---|---|---|
r-devel-linux-x86_64-debian-clang | 0.8.0 | 6.14 | 81.53 | 87.67 | OK | |
r-devel-linux-x86_64-debian-gcc | 0.8.0 | 3.98 | 67.64 | 71.62 | NOTE | |
r-devel-linux-x86_64-fedora-clang | 0.8.0 | 133.33 | OK | |||
r-devel-linux-x86_64-fedora-gcc | 0.8.0 | 140.12 | OK | |||
r-devel-windows-x86_64 | 0.8.0 | 8.00 | 115.00 | 123.00 | OK | |
r-patched-linux-x86_64 | 0.8.0 | 7.92 | 77.92 | 85.84 | OK | |
r-release-linux-x86_64 | 0.8.0 | 5.60 | 77.46 | 83.06 | OK | |
r-release-macos-arm64 | 0.8.0 | 49.00 | OK | |||
r-release-macos-x86_64 | 0.8.0 | 92.00 | OK | |||
r-release-windows-x86_64 | 0.8.0 | 10.00 | 119.00 | 129.00 | OK | |
r-oldrel-macos-arm64 | 0.8.0 | 58.00 | OK | |||
r-oldrel-macos-x86_64 | 0.8.0 | 85.00 | OK | |||
r-oldrel-windows-x86_64 | 0.8.0 | 10.00 | 131.00 | 141.00 | OK |
Version: 0.8.0
Check: examples
Result: NOTE
Examples with CPU (user + system) or elapsed time > 5s
user system elapsed
auk_zerofill 1.418 0.286 5.829
Flavor: r-devel-linux-x86_64-debian-gcc