Last updated on 2025-04-29 01:49:27 CEST.
Flavor | Version | Tinstall | Tcheck | Ttotal | Status | Flags |
---|---|---|---|---|---|---|
r-devel-linux-x86_64-debian-clang | 0.3.0 | 4.27 | 55.94 | 60.21 | NOTE | |
r-devel-linux-x86_64-debian-gcc | 0.3.0 | 3.83 | 45.39 | 49.22 | NOTE | |
r-devel-linux-x86_64-fedora-clang | 0.3.0 | 96.15 | NOTE | |||
r-devel-linux-x86_64-fedora-gcc | 0.3.0 | 104.23 | NOTE | |||
r-devel-windows-x86_64 | 0.3.0 | 7.00 | 76.00 | 83.00 | NOTE | |
r-patched-linux-x86_64 | 0.3.0 | 4.48 | 58.85 | 63.33 | NOTE | |
r-release-linux-x86_64 | 0.3.0 | 3.70 | 57.82 | 61.52 | NOTE | |
r-release-macos-arm64 | 0.3.0 | 67.00 | NOTE | |||
r-release-macos-x86_64 | 0.3.0 | 66.00 | NOTE | |||
r-release-windows-x86_64 | 0.3.0 | 6.00 | 77.00 | 83.00 | NOTE | |
r-oldrel-macos-arm64 | 0.3.0 | 38.00 | OK | |||
r-oldrel-macos-x86_64 | 0.3.0 | 57.00 | OK | |||
r-oldrel-windows-x86_64 | 0.3.0 | 7.00 | 89.00 | 96.00 | OK |
Version: 0.3.0
Check: DESCRIPTION meta-information
Result: NOTE
Missing dependency on R >= 4.1.0 because package code uses the pipe
|> or function shorthand \(...) syntax added in R 4.1.0.
File(s) using such syntax:
‘gg_freiburg.Rd’
Flavors: r-devel-linux-x86_64-debian-clang, r-devel-linux-x86_64-debian-gcc, r-devel-linux-x86_64-fedora-clang, r-devel-linux-x86_64-fedora-gcc, r-devel-windows-x86_64, r-patched-linux-x86_64, r-release-linux-x86_64, r-release-macos-arm64, r-release-macos-x86_64, r-release-windows-x86_64
Version: 0.3.0
Check: CRAN incoming feasibility
Result: NOTE
Maintainer: ‘Bernhard Lehnert <bernhard.lehnert@med.uni-greifswald.de>’
No Authors@R field in DESCRIPTION.
Please add one, modifying
Authors@R: person(given = "Bernhard",
family = "Lehnert",
role = c("aut", "cre"),
email = "bernhard.lehnert@med.uni-greifswald.de")
as necessary.
Flavor: r-devel-linux-x86_64-debian-gcc