Last updated on 2024-06-30 00:59:09 CEST.
Flavor | Version | Tinstall | Tcheck | Ttotal | Status | Flags |
---|---|---|---|---|---|---|
r-devel-linux-x86_64-debian-clang | 0.3.1 | 2.63 | 45.45 | 48.08 | NOTE | |
r-devel-linux-x86_64-debian-gcc | 0.3.1 | 2.08 | 35.46 | 37.54 | NOTE | |
r-devel-linux-x86_64-fedora-clang | 0.3.1 | 62.91 | NOTE | |||
r-devel-linux-x86_64-fedora-gcc | 0.3.1 | 72.73 | NOTE | |||
r-devel-windows-x86_64 | 0.3.1 | 4.00 | 60.00 | 64.00 | NOTE | |
r-patched-linux-x86_64 | 0.3.1 | 2.65 | 43.95 | 46.60 | NOTE | |
r-release-linux-x86_64 | 0.3.1 | 2.87 | 45.40 | 48.27 | NOTE | |
r-release-macos-arm64 | 0.3.1 | 32.00 | NOTE | |||
r-release-macos-x86_64 | 0.3.1 | 47.00 | NOTE | |||
r-release-windows-x86_64 | 0.3.1 | 4.00 | 59.00 | 63.00 | NOTE | |
r-oldrel-macos-arm64 | 0.3.1 | 33.00 | NOTE | |||
r-oldrel-macos-x86_64 | 0.3.1 | 45.00 | NOTE | |||
r-oldrel-windows-x86_64 | 0.3.1 | 4.00 | 62.00 | 66.00 | NOTE |
Version: 0.3.1
Check: LazyData
Result: NOTE
'LazyData' is specified without a 'data' directory
Flavors: r-devel-linux-x86_64-debian-clang, r-devel-linux-x86_64-debian-gcc, r-devel-linux-x86_64-fedora-clang, r-devel-linux-x86_64-fedora-gcc, r-devel-windows-x86_64, r-patched-linux-x86_64, r-release-linux-x86_64, r-release-macos-arm64, r-release-macos-x86_64, r-release-windows-x86_64, r-oldrel-macos-arm64, r-oldrel-macos-x86_64, r-oldrel-windows-x86_64