Last updated on 2025-07-21 01:48:58 CEST.
Flavor | Version | Tinstall | Tcheck | Ttotal | Status | Flags |
---|---|---|---|---|---|---|
r-devel-linux-x86_64-debian-clang | 1.1.17 | 9.93 | 94.09 | 104.02 | NOTE | |
r-devel-linux-x86_64-debian-gcc | 1.1.17 | 6.52 | 64.26 | 70.78 | NOTE | |
r-devel-linux-x86_64-fedora-clang | 1.1.17 | 168.00 | OK | |||
r-devel-linux-x86_64-fedora-gcc | 1.1.17 | 154.94 | OK | |||
r-devel-windows-x86_64 | 1.1.17 | 8.00 | 100.00 | 108.00 | OK | |
r-patched-linux-x86_64 | 1.1.17 | 9.09 | 90.63 | 99.72 | OK | |
r-release-linux-x86_64 | 1.1.17 | 7.31 | 89.46 | 96.77 | OK | |
r-release-macos-arm64 | 1.1.17 | 44.00 | OK | |||
r-release-macos-x86_64 | 1.1.17 | 84.00 | OK | |||
r-release-windows-x86_64 | 1.1.17 | 10.00 | 102.00 | 112.00 | OK | |
r-oldrel-macos-arm64 | 1.1.17 | 42.00 | OK | |||
r-oldrel-macos-x86_64 | 1.1.17 | 80.00 | OK | |||
r-oldrel-windows-x86_64 | 1.1.17 | 13.00 | 127.00 | 140.00 | OK |
Version: 1.1.17
Check: CRAN incoming feasibility
Result: NOTE
Maintainer: ‘Damien R. Farine <dfarine@ab.mpg.de>’
No Authors@R field in DESCRIPTION.
Please add one, modifying
Authors@R: person(given = c("Damien", "R."),
family = "Farine",
role = c("aut", "cre"),
email = "dfarine@ab.mpg.de")
as necessary.
Flavors: r-devel-linux-x86_64-debian-clang, r-devel-linux-x86_64-debian-gcc