Last updated on 2024-08-16 12:49:03 CEST.
Flavor | Version | Tinstall | Tcheck | Ttotal | Status | Flags |
---|---|---|---|---|---|---|
r-devel-linux-x86_64-debian-clang | 1.0-15 | 2.45 | 17.22 | 19.67 | OK | |
r-devel-linux-x86_64-debian-gcc | 1.0-15 | 1.91 | 13.66 | 15.57 | OK | |
r-devel-linux-x86_64-fedora-clang | 1.0-15 | 30.24 | NOTE | |||
r-devel-linux-x86_64-fedora-gcc | 1.0-15 | 29.88 | NOTE | |||
r-devel-windows-x86_64 | 1.0-15 | 5.00 | 37.00 | 42.00 | OK | |
r-patched-linux-x86_64 | 1.0-15 | 1.99 | 16.45 | 18.44 | OK | |
r-release-linux-x86_64 | 1.0-15 | 1.97 | 16.25 | 18.22 | OK | |
r-release-macos-arm64 | 1.0-15 | 16.00 | OK | |||
r-release-macos-x86_64 | 1.0-15 | 23.00 | OK | |||
r-release-windows-x86_64 | 1.0-15 | 6.00 | 37.00 | 43.00 | OK | |
r-oldrel-macos-arm64 | 1.0-15 | 19.00 | OK | |||
r-oldrel-macos-x86_64 | 1.0-15 | 19.00 | OK | |||
r-oldrel-windows-x86_64 | 1.0-15 | 7.00 | 37.00 | 44.00 | OK |
Version: 1.0-15
Check: compiled code
Result: NOTE
File ‘ash/libs/ash.so’:
Found no calls to: ‘R_registerRoutines’, ‘R_useDynamicSymbols’
It is good practice to register native routines and to disable symbol
search.
See ‘Writing portable packages’ in the ‘Writing R Extensions’ manual.
Flavors: r-devel-linux-x86_64-fedora-clang, r-devel-linux-x86_64-fedora-gcc