Last updated on 2025-04-29 01:49:27 CEST.
Flavor | Version | Tinstall | Tcheck | Ttotal | Status | Flags |
---|---|---|---|---|---|---|
r-devel-linux-x86_64-debian-clang | 0.0.1 | 2.92 | 93.79 | 96.71 | OK | |
r-devel-linux-x86_64-debian-gcc | 0.0.1 | 2.37 | 69.52 | 71.89 | OK | |
r-devel-linux-x86_64-fedora-clang | 0.0.1 | 140.72 | NOTE | |||
r-devel-linux-x86_64-fedora-gcc | 0.0.1 | 139.96 | NOTE | |||
r-devel-windows-x86_64 | 0.0.1 | 5.00 | 92.00 | 97.00 | OK | |
r-patched-linux-x86_64 | 0.0.1 | 3.19 | 81.28 | 84.47 | OK | |
r-release-linux-x86_64 | 0.0.1 | 3.06 | 83.01 | 86.07 | OK | |
r-release-macos-arm64 | 0.0.1 | 65.00 | OK | |||
r-release-macos-x86_64 | 0.0.1 | 99.00 | OK | |||
r-release-windows-x86_64 | 0.0.1 | 5.00 | 94.00 | 99.00 | OK | |
r-oldrel-macos-arm64 | 0.0.1 | 39.00 | OK | |||
r-oldrel-macos-x86_64 | 0.0.1 | 76.00 | OK | |||
r-oldrel-windows-x86_64 | 0.0.1 | 6.00 | 113.00 | 119.00 | OK |
Version: 0.0.1
Check: dependencies in R code
Result: NOTE
Namespace in Imports field not imported from: ‘purrr’
All declared Imports should be used.
Flavors: r-devel-linux-x86_64-fedora-clang, r-devel-linux-x86_64-fedora-gcc