Last updated on 2025-05-19 01:49:46 CEST.
Flavor | Version | Tinstall | Tcheck | Ttotal | Status | Flags |
---|---|---|---|---|---|---|
r-devel-linux-x86_64-debian-clang | 0.0.1 | 3.52 | 96.49 | 100.01 | OK | |
r-devel-linux-x86_64-debian-gcc | 0.0.1 | 2.05 | 68.54 | 70.59 | OK | |
r-devel-linux-x86_64-fedora-clang | 0.0.1 | 138.77 | NOTE | |||
r-devel-linux-x86_64-fedora-gcc | 0.0.1 | 139.69 | NOTE | |||
r-devel-windows-x86_64 | 0.0.1 | 5.00 | 105.00 | 110.00 | OK | |
r-patched-linux-x86_64 | 0.0.1 | 3.46 | 82.54 | 86.00 | OK | |
r-release-linux-x86_64 | 0.0.1 | 3.15 | 84.57 | 87.72 | OK | |
r-release-macos-arm64 | 0.0.1 | 65.00 | OK | |||
r-release-macos-x86_64 | 0.0.1 | 99.00 | OK | |||
r-release-windows-x86_64 | 0.0.1 | 5.00 | 99.00 | 104.00 | OK | |
r-oldrel-macos-arm64 | 0.0.1 | 39.00 | OK | |||
r-oldrel-macos-x86_64 | 0.0.1 | 76.00 | OK | |||
r-oldrel-windows-x86_64 | 0.0.1 | 6.00 | 114.00 | 120.00 | OK |
Version: 0.0.1
Check: dependencies in R code
Result: NOTE
Namespace in Imports field not imported from: ‘purrr’
All declared Imports should be used.
Flavors: r-devel-linux-x86_64-fedora-clang, r-devel-linux-x86_64-fedora-gcc