Last updated on 2024-08-16 12:49:03 CEST.
Flavor | Version | Tinstall | Tcheck | Ttotal | Status | Flags |
---|---|---|---|---|---|---|
r-devel-linux-x86_64-debian-clang | 1.14-4 | 11.95 | 86.32 | 98.27 | OK | |
r-devel-linux-x86_64-debian-gcc | 1.14-4 | 9.38 | 59.39 | 68.77 | OK | |
r-devel-linux-x86_64-fedora-clang | 1.14-4 | 157.97 | NOTE | |||
r-devel-linux-x86_64-fedora-gcc | 1.14-4 | 147.69 | OK | |||
r-devel-windows-x86_64 | 1.14-4 | 13.00 | 97.00 | 110.00 | OK | |
r-patched-linux-x86_64 | 1.14-4 | 12.48 | 79.23 | 91.71 | OK | |
r-release-linux-x86_64 | 1.14-4 | 10.28 | 81.48 | 91.76 | OK | |
r-release-macos-arm64 | 1.14-4 | 42.00 | OK | |||
r-release-macos-x86_64 | 1.14-4 | 61.00 | OK | |||
r-release-windows-x86_64 | 1.14-4 | 12.00 | 97.00 | 109.00 | OK | |
r-oldrel-macos-arm64 | 1.14-4 | 50.00 | OK | |||
r-oldrel-macos-x86_64 | 1.14-4 | 106.00 | OK | |||
r-oldrel-windows-x86_64 | 1.14-4 | 16.00 | 116.00 | 132.00 | OK |
Version: 1.14-4
Check: Rd cross-references
Result: NOTE
Undeclared packages ‘survey’, ‘Matching’ in Rd xrefs
Flavor: r-devel-linux-x86_64-fedora-clang