CRAN Package Check Results for Package ar.matrix

Last updated on 2025-07-20 12:49:19 CEST.

Flavor Version Tinstall Tcheck Ttotal Status Flags
r-devel-linux-x86_64-debian-clang 0.1.0 1.95 26.92 28.87 OK
r-devel-linux-x86_64-debian-gcc 0.1.0 1.51 22.02 23.53 OK
r-devel-linux-x86_64-fedora-clang 0.1.0 44.60 NOTE
r-devel-linux-x86_64-fedora-gcc 0.1.0 41.82 NOTE
r-devel-windows-x86_64 0.1.0 4.00 47.00 51.00 OK
r-patched-linux-x86_64 0.1.0 2.20 25.67 27.87 OK
r-release-linux-x86_64 0.1.0 1.98 25.60 27.58 OK
r-release-macos-arm64 0.1.0 20.00 OK
r-release-macos-x86_64 0.1.0 31.00 OK
r-release-windows-x86_64 0.1.0 4.00 48.00 52.00 OK
r-oldrel-macos-arm64 0.1.0 19.00 OK
r-oldrel-macos-x86_64 0.1.0 29.00 OK
r-oldrel-windows-x86_64 0.1.0 4.00 54.00 58.00 OK

Check Details

Version: 0.1.0
Check: dependencies in R code
Result: NOTE Namespace in Imports field not imported from: ‘sp’ All declared Imports should be used. Flavors: r-devel-linux-x86_64-fedora-clang, r-devel-linux-x86_64-fedora-gcc