Last updated on 2024-07-13 12:48:09 CEST.
Flavor | Version | Tinstall | Tcheck | Ttotal | Status | Flags |
---|---|---|---|---|---|---|
r-devel-linux-x86_64-debian-clang | 0.2.1 | 2.50 | 32.07 | 34.57 | NOTE | |
r-devel-linux-x86_64-debian-gcc | 0.2.1 | 1.82 | 24.74 | 26.56 | NOTE | |
r-devel-linux-x86_64-fedora-clang | 0.2.1 | 44.25 | NOTE | |||
r-devel-linux-x86_64-fedora-gcc | 0.2.1 | 54.60 | NOTE | |||
r-devel-windows-x86_64 | 0.2.1 | 3.00 | 57.00 | 60.00 | NOTE | |
r-patched-linux-x86_64 | 0.2.1 | 2.70 | 30.57 | 33.27 | NOTE | |
r-release-linux-x86_64 | 0.2.1 | 2.55 | 31.00 | 33.55 | NOTE | |
r-release-macos-arm64 | 0.2.1 | 34.00 | NOTE | |||
r-release-macos-x86_64 | 0.2.1 | 47.00 | NOTE | |||
r-release-windows-x86_64 | 0.2.1 | 3.00 | 55.00 | 58.00 | NOTE | |
r-oldrel-macos-arm64 | 0.2.1 | 30.00 | OK | |||
r-oldrel-macos-x86_64 | 0.2.1 | 52.00 | OK | |||
r-oldrel-windows-x86_64 | 0.2.1 | 4.00 | 56.00 | 60.00 | OK |
Version: 0.2.1
Check: Rd files
Result: NOTE
checkRd: (-1) apple_apps.Rd:22: Lost braces; missing escapes or markup?
22 | with a corresponding ID that can be used in {appler} functions.
| ^
checkRd: (-1) get_apple_reviews.Rd:38: Lost braces in \itemize; \value handles \item{}{} directly
checkRd: (-1) get_apple_reviews.Rd:39: Lost braces in \itemize; \value handles \item{}{} directly
checkRd: (-1) get_apple_reviews.Rd:40: Lost braces in \itemize; \value handles \item{}{} directly
checkRd: (-1) get_apple_reviews.Rd:41: Lost braces in \itemize; \value handles \item{}{} directly
checkRd: (-1) get_apple_reviews.Rd:42: Lost braces in \itemize; \value handles \item{}{} directly
checkRd: (-1) get_apple_reviews.Rd:43: Lost braces in \itemize; \value handles \item{}{} directly
checkRd: (-1) get_apple_reviews.Rd:44: Lost braces in \itemize; \value handles \item{}{} directly
checkRd: (-1) itunes_artists.Rd:22: Lost braces; missing escapes or markup?
22 | a corresponding ID that can be used in {appler} functions.
| ^
Flavors: r-devel-linux-x86_64-debian-clang, r-devel-linux-x86_64-debian-gcc, r-devel-linux-x86_64-fedora-clang, r-devel-linux-x86_64-fedora-gcc, r-devel-windows-x86_64, r-patched-linux-x86_64, r-release-linux-x86_64, r-release-macos-arm64, r-release-macos-x86_64, r-release-windows-x86_64
Version: 0.2.1
Check: data for non-ASCII characters
Result: NOTE
Note: found 1 marked UTF-8 string
Flavors: r-devel-linux-x86_64-fedora-clang, r-devel-linux-x86_64-fedora-gcc