CRAN Package Check Results for Package api2lm

Last updated on 2025-07-20 12:49:19 CEST.

Flavor Version Tinstall Tcheck Ttotal Status Flags
r-devel-linux-x86_64-debian-clang 0.2 3.32 69.89 73.21 NOTE
r-devel-linux-x86_64-debian-gcc 0.2 2.46 51.52 53.98 NOTE
r-devel-linux-x86_64-fedora-clang 0.2 112.84 NOTE
r-devel-linux-x86_64-fedora-gcc 0.2 120.00 NOTE
r-devel-windows-x86_64 0.2 8.00 91.00 99.00 NOTE
r-patched-linux-x86_64 0.2 3.92 65.65 69.57 NOTE
r-release-linux-x86_64 0.2 3.09 65.06 68.15 NOTE
r-release-macos-arm64 0.2 53.00 NOTE
r-release-macos-x86_64 0.2 86.00 NOTE
r-release-windows-x86_64 0.2 8.00 93.00 101.00 NOTE
r-oldrel-macos-arm64 0.2 46.00 NOTE
r-oldrel-macos-x86_64 0.2 59.00 NOTE
r-oldrel-windows-x86_64 0.2 9.00 109.00 118.00 NOTE

Check Details

Version: 0.2
Check: CRAN incoming feasibility
Result: NOTE Maintainer: ‘Joshua P. French <joshua.french@ucdenver.edu>’ No Authors@R field in DESCRIPTION. Please add one, modifying Authors@R: person(given = c("Joshua", "P."), family = "French", role = c("aut", "cre"), email = "joshua.french@ucdenver.edu") as necessary. Flavors: r-devel-linux-x86_64-debian-clang, r-devel-linux-x86_64-debian-gcc

Version: 0.2
Check: Rd files
Result: NOTE checkRd: (-1) predict_adjust.Rd:77: Lost braces in \itemize; \value handles \item{}{} directly checkRd: (-1) predict_adjust.Rd:78: Lost braces in \itemize; \value handles \item{}{} directly checkRd: (-1) predict_adjust.Rd:79: Lost braces in \itemize; \value handles \item{}{} directly checkRd: (-1) predict_adjust.Rd:80: Lost braces in \itemize; \value handles \item{}{} directly checkRd: (-1) print.predict_adjust.Rd:32: Lost braces in \itemize; \value handles \item{}{} directly checkRd: (-1) print.predict_adjust.Rd:33: Lost braces in \itemize; \value handles \item{}{} directly checkRd: (-1) print.predict_adjust.Rd:34: Lost braces in \itemize; \value handles \item{}{} directly checkRd: (-1) print.predict_adjust.Rd:35: Lost braces in \itemize; \value handles \item{}{} directly Flavors: r-devel-linux-x86_64-debian-clang, r-devel-linux-x86_64-debian-gcc, r-devel-linux-x86_64-fedora-clang, r-devel-linux-x86_64-fedora-gcc, r-devel-windows-x86_64, r-patched-linux-x86_64, r-release-linux-x86_64, r-release-macos-arm64, r-release-macos-x86_64, r-release-windows-x86_64, r-oldrel-macos-arm64, r-oldrel-macos-x86_64, r-oldrel-windows-x86_64