Last updated on 2025-02-22 00:49:39 CET.
Flavor | Version | Tinstall | Tcheck | Ttotal | Status | Flags |
---|---|---|---|---|---|---|
r-devel-linux-x86_64-debian-clang | 1.4.13 | 49.68 | 102.40 | 152.08 | NOTE | |
r-devel-linux-x86_64-debian-gcc | 1.4.13 | 32.56 | 72.13 | 104.69 | NOTE | |
r-devel-linux-x86_64-fedora-clang | 1.4.13 | 253.71 | OK | |||
r-devel-linux-x86_64-fedora-gcc | 1.4.13 | 255.39 | OK | |||
r-devel-macos-arm64 | 1.4.13 | 70.00 | OK | |||
r-devel-macos-x86_64 | 1.4.13 | 125.00 | OK | |||
r-devel-windows-x86_64 | 1.4.13 | 47.00 | 144.00 | 191.00 | NOTE | |
r-patched-linux-x86_64 | 1.4.13 | 46.31 | 97.10 | 143.41 | OK | |
r-release-linux-x86_64 | 1.4.13 | 45.10 | 96.59 | 141.69 | OK | |
r-release-macos-arm64 | 1.4.13 | 78.00 | OK | |||
r-release-macos-x86_64 | 1.4.13 | 152.00 | OK | |||
r-release-windows-x86_64 | 1.4.13 | 49.00 | 146.00 | 195.00 | OK | |
r-oldrel-macos-arm64 | 1.4.13 | 104.00 | OK | |||
r-oldrel-macos-x86_64 | 1.4.13 | 240.00 | OK | |||
r-oldrel-windows-x86_64 | 1.4.13 | 48.00 | 168.00 | 216.00 | OK |
Version: 1.4.13
Check: Rd cross-references
Result: NOTE
Found the following Rd file(s) with Rd \link{} targets missing package
anchors:
apcluster-methods.Rd: dgTMatrix-class, Matrix-class
conversions.Rd: dgTMatrix-class, sparseMatrix-class, Matrix-class
Please provide package anchors for all Rd \link{} targets not in the
package itself and the base packages.
Flavors: r-devel-linux-x86_64-debian-clang, r-devel-linux-x86_64-debian-gcc, r-devel-windows-x86_64