CRAN Package Check Results for Package aos

Last updated on 2025-05-19 01:49:46 CEST.

Flavor Version Tinstall Tcheck Ttotal Status Flags
r-devel-linux-x86_64-debian-clang 0.1.0 2.08 23.97 26.05 OK
r-devel-linux-x86_64-debian-gcc 0.1.0 1.66 19.47 21.13 OK
r-devel-linux-x86_64-fedora-clang 0.1.0 38.08 OK
r-devel-linux-x86_64-fedora-gcc 0.1.0 36.25 OK
r-devel-windows-x86_64 0.1.0 3.00 50.00 53.00 OK
r-patched-linux-x86_64 0.1.0 2.21 21.63 23.84 OK
r-release-linux-x86_64 0.1.0 1.82 21.57 23.39 OK
r-release-macos-arm64 0.1.0 20.00 OK
r-release-macos-x86_64 0.1.0 34.00 OK
r-release-windows-x86_64 0.1.0 3.00 50.00 53.00 OK
r-oldrel-macos-arm64 0.1.0 17.00 NOTE
r-oldrel-macos-x86_64 0.1.0 23.00 NOTE
r-oldrel-windows-x86_64 0.1.0 4.00 47.00 51.00 NOTE

Check Details

Version: 0.1.0
Check: LazyData
Result: NOTE 'LazyData' is specified without a 'data' directory Flavors: r-oldrel-macos-arm64, r-oldrel-macos-x86_64, r-oldrel-windows-x86_64