CRAN Package Check Results for Package analyzer

Last updated on 2025-04-29 01:49:26 CEST.

Flavor Version Tinstall Tcheck Ttotal Status Flags
r-devel-linux-x86_64-debian-clang 1.0.1 6.72 80.93 87.65 OK
r-devel-linux-x86_64-debian-gcc 1.0.1 4.95 60.63 65.58 NOTE
r-devel-linux-x86_64-fedora-clang 1.0.1 136.85 OK
r-devel-linux-x86_64-fedora-gcc 1.0.1 141.69 OK
r-devel-windows-x86_64 1.0.1 9.00 96.00 105.00 OK
r-patched-linux-x86_64 1.0.1 6.92 81.07 87.99 OK
r-release-linux-x86_64 1.0.1 7.05 80.76 87.81 OK
r-release-macos-arm64 1.0.1 52.00 OK
r-release-macos-x86_64 1.0.1 86.00 OK
r-release-windows-x86_64 1.0.1 9.00 97.00 106.00 OK
r-oldrel-macos-arm64 1.0.1 44.00 NOTE
r-oldrel-macos-x86_64 1.0.1 68.00 NOTE
r-oldrel-windows-x86_64 1.0.1 11.00 118.00 129.00 NOTE

Check Details

Version: 1.0.1
Check: examples
Result: NOTE Examples with CPU (user + system) or elapsed time > 5s user system elapsed plottr 3.44 0.086 5.099 Flavor: r-devel-linux-x86_64-debian-gcc

Version: 1.0.1
Check: LazyData
Result: NOTE 'LazyData' is specified without a 'data' directory Flavors: r-oldrel-macos-arm64, r-oldrel-macos-x86_64, r-oldrel-windows-x86_64