Last updated on 2024-07-13 12:48:09 CEST.
Flavor | Version | Tinstall | Tcheck | Ttotal | Status | Flags |
---|---|---|---|---|---|---|
r-devel-linux-x86_64-debian-clang | 0.3.0 | 3.70 | 112.58 | 116.28 | OK | |
r-devel-linux-x86_64-debian-gcc | 0.3.0 | 3.17 | 82.44 | 85.61 | OK | |
r-devel-linux-x86_64-fedora-clang | 0.3.0 | 173.09 | OK | |||
r-devel-linux-x86_64-fedora-gcc | 0.3.0 | 176.33 | OK | |||
r-devel-windows-x86_64 | 0.3.0 | 6.00 | 119.00 | 125.00 | OK | |
r-patched-linux-x86_64 | 0.3.0 | 3.64 | 106.06 | 109.70 | OK | |
r-release-linux-x86_64 | 0.3.0 | 3.98 | 105.34 | 109.32 | OK | |
r-release-macos-arm64 | 0.3.0 | 34.00 | ERROR | |||
r-release-macos-x86_64 | 0.3.0 | 54.00 | ERROR | |||
r-release-windows-x86_64 | 0.3.0 | 4.00 | 122.00 | 126.00 | OK | |
r-oldrel-macos-arm64 | 0.3.0 | 50.00 | ERROR | |||
r-oldrel-macos-x86_64 | 0.3.0 | 75.00 | ERROR | |||
r-oldrel-windows-x86_64 | 0.3.0 | 6.00 | 133.00 | 139.00 | OK |
Version: 0.3.0
Check: tests
Result: ERROR
Running ‘spelling.R’ [0s/0s]
Running ‘testthat.R’ [8s/8s]
Running the tests in ‘tests/testthat.R’ failed.
Last 13 lines of output:
▆
1. └─altdoc::render_docs(path = getwd()) at test-update.R:111:5
2. └─cli::cli_abort("There were some failures when rendering vignettes.")
3. └─rlang::abort(...)
── Error ('test-update.R:111:5'): render_docs also transform new/modified vignettes if specified: docsify ──
Error in `render_docs(path = getwd())`: There were some failures when rendering vignettes.
Backtrace:
▆
1. └─altdoc::render_docs(path = getwd()) at test-update.R:111:5
2. └─cli::cli_abort("There were some failures when rendering vignettes.")
3. └─rlang::abort(...)
[ FAIL 5 | WARN 0 | SKIP 7 | PASS 56 ]
Error: Test failures
Execution halted
Flavor: r-release-macos-arm64
Version: 0.3.0
Check: tests
Result: ERROR
Running ‘spelling.R’ [0s/0s]
Running ‘testthat.R’ [14s/16s]
Running the tests in ‘tests/testthat.R’ failed.
Last 13 lines of output:
▆
1. └─altdoc::render_docs(path = getwd()) at test-update.R:111:5
2. └─cli::cli_abort("There were some failures when rendering vignettes.")
3. └─rlang::abort(...)
── Error ('test-update.R:111:5'): render_docs also transform new/modified vignettes if specified: docsify ──
Error in `render_docs(path = getwd())`: There were some failures when rendering vignettes.
Backtrace:
▆
1. └─altdoc::render_docs(path = getwd()) at test-update.R:111:5
2. └─cli::cli_abort("There were some failures when rendering vignettes.")
3. └─rlang::abort(...)
[ FAIL 5 | WARN 0 | SKIP 7 | PASS 56 ]
Error: Test failures
Execution halted
Flavor: r-release-macos-x86_64
Version: 0.3.0
Check: tests
Result: ERROR
Running ‘spelling.R’ [0s/0s]
Running ‘testthat.R’ [7s/10s]
Running the tests in ‘tests/testthat.R’ failed.
Last 13 lines of output:
▆
1. └─altdoc::render_docs(path = getwd()) at test-update.R:111:5
2. └─cli::cli_abort("There were some failures when rendering vignettes.")
3. └─rlang::abort(...)
── Error ('test-update.R:111:5'): render_docs also transform new/modified vignettes if specified: docsify ──
Error in `render_docs(path = getwd())`: There were some failures when rendering vignettes.
Backtrace:
▆
1. └─altdoc::render_docs(path = getwd()) at test-update.R:111:5
2. └─cli::cli_abort("There were some failures when rendering vignettes.")
3. └─rlang::abort(...)
[ FAIL 5 | WARN 0 | SKIP 7 | PASS 56 ]
Error: Test failures
Execution halted
Flavor: r-oldrel-macos-arm64
Version: 0.3.0
Check: tests
Result: ERROR
Running ‘spelling.R’ [0s/0s]
Running ‘testthat.R’ [15s/23s]
Running the tests in ‘tests/testthat.R’ failed.
Last 13 lines of output:
▆
1. └─altdoc::render_docs(path = getwd()) at test-update.R:111:5
2. └─cli::cli_abort("There were some failures when rendering vignettes.")
3. └─rlang::abort(...)
── Error ('test-update.R:111:5'): render_docs also transform new/modified vignettes if specified: docsify ──
Error in `render_docs(path = getwd())`: There were some failures when rendering vignettes.
Backtrace:
▆
1. └─altdoc::render_docs(path = getwd()) at test-update.R:111:5
2. └─cli::cli_abort("There were some failures when rendering vignettes.")
3. └─rlang::abort(...)
[ FAIL 5 | WARN 0 | SKIP 7 | PASS 56 ]
Error: Test failures
Execution halted
Flavor: r-oldrel-macos-x86_64