Last updated on 2025-07-21 01:48:58 CEST.
Flavor | Version | Tinstall | Tcheck | Ttotal | Status | Flags |
---|---|---|---|---|---|---|
r-devel-linux-x86_64-debian-clang | 0.3.9 | 14.62 | 134.73 | 149.35 | NOTE | |
r-devel-linux-x86_64-debian-gcc | 0.3.9 | 10.61 | 97.94 | 108.55 | NOTE | |
r-devel-linux-x86_64-fedora-clang | 0.3.9 | 235.24 | OK | |||
r-devel-linux-x86_64-fedora-gcc | 0.3.9 | 231.50 | OK | |||
r-devel-windows-x86_64 | 0.3.9 | 17.00 | 142.00 | 159.00 | NOTE | |
r-patched-linux-x86_64 | 0.3.9 | 14.55 | 128.85 | 143.40 | NOTE | |
r-release-linux-x86_64 | 0.3.9 | 14.00 | 127.77 | 141.77 | NOTE | |
r-release-macos-arm64 | 0.3.9 | 65.00 | OK | |||
r-release-macos-x86_64 | 0.3.9 | 132.00 | OK | |||
r-release-windows-x86_64 | 0.3.9 | 19.00 | 134.00 | 153.00 | NOTE | |
r-oldrel-macos-arm64 | 0.3.9 | 73.00 | OK | |||
r-oldrel-macos-x86_64 | 0.3.9 | 98.00 | OK | |||
r-oldrel-windows-x86_64 | 0.3.9 | 22.00 | 191.00 | 213.00 | OK |
Version: 0.3.9
Check: Rd cross-references
Result: NOTE
Found the following Rd file(s) with Rd \link{} targets missing package
anchors:
cleanse.data.frame.Rd: tbl_df
split_by.data.frame.Rd: tbl_df
treatment_corr.Rd: tbl_df
Please provide package anchors for all Rd \link{} targets not in the
package itself and the base packages.
Flavors: r-devel-linux-x86_64-debian-clang, r-devel-linux-x86_64-debian-gcc, r-devel-windows-x86_64, r-patched-linux-x86_64, r-release-linux-x86_64, r-release-windows-x86_64