Last updated on 2025-04-29 01:49:26 CEST.
Flavor | Version | Tinstall | Tcheck | Ttotal | Status | Flags |
---|---|---|---|---|---|---|
r-devel-linux-x86_64-debian-clang | 0.1.0 | 2.37 | 22.37 | 24.74 | OK | |
r-devel-linux-x86_64-debian-gcc | 0.1.0 | 1.84 | 17.77 | 19.61 | NOTE | |
r-devel-linux-x86_64-fedora-clang | 0.1.0 | 38.96 | OK | |||
r-devel-linux-x86_64-fedora-gcc | 0.1.0 | 37.19 | OK | |||
r-devel-windows-x86_64 | 0.1.0 | 3.00 | 42.00 | 45.00 | OK | |
r-patched-linux-x86_64 | 0.1.0 | 2.36 | 21.49 | 23.85 | OK | |
r-release-linux-x86_64 | 0.1.0 | 2.36 | 21.61 | 23.97 | OK | |
r-release-macos-arm64 | 0.1.0 | 20.00 | OK | |||
r-release-macos-x86_64 | 0.1.0 | 30.00 | OK | |||
r-release-windows-x86_64 | 0.1.0 | 4.00 | 45.00 | 49.00 | OK | |
r-oldrel-macos-arm64 | 0.1.0 | 23.00 | OK | |||
r-oldrel-macos-x86_64 | 0.1.0 | 34.00 | OK | |||
r-oldrel-windows-x86_64 | 0.1.0 | 5.00 | 42.00 | 47.00 | OK |
Version: 0.1.0
Check: CRAN incoming feasibility
Result: NOTE
Maintainer: ‘Cedric Hagen <ch0934@princeton.edu>’
No Authors@R field in DESCRIPTION.
Please add one, modifying
Authors@R: person(given = "Cedric",
family = "Hagen",
role = c("aut", "cre"),
email = "ch0934@princeton.edu")
as necessary.
Flavor: r-devel-linux-x86_64-debian-gcc