Last updated on 2024-06-30 00:59:08 CEST.
Flavor | Version | Tinstall | Tcheck | Ttotal | Status | Flags |
---|---|---|---|---|---|---|
r-devel-linux-x86_64-debian-clang | 0.1.4 | 19.74 | 191.82 | 211.56 | OK | |
r-devel-linux-x86_64-debian-gcc | 0.1.4 | 15.07 | 136.97 | 152.04 | OK | |
r-devel-linux-x86_64-fedora-clang | 0.1.4 | 263.61 | OK | |||
r-devel-linux-x86_64-fedora-gcc | 0.1.4 | 272.92 | OK | |||
r-devel-windows-x86_64 | 0.1.4 | 17.00 | 148.00 | 165.00 | OK | |
r-patched-linux-x86_64 | 0.1.4 | 12.71 | 179.17 | 191.88 | OK | |
r-release-linux-x86_64 | 0.1.4 | 12.80 | 182.22 | 195.02 | OK | |
r-release-macos-arm64 | 0.1.4 | 84.00 | OK | |||
r-release-macos-x86_64 | 0.1.4 | 177.00 | OK | |||
r-release-windows-x86_64 | 0.1.4 | 18.00 | 149.00 | 167.00 | OK | |
r-oldrel-macos-arm64 | 0.1.4 | 88.00 | ERROR | |||
r-oldrel-macos-x86_64 | 0.1.4 | 186.00 | ERROR | |||
r-oldrel-windows-x86_64 | 0.1.4 | 24.00 | 195.00 | 219.00 | OK |
Version: 0.1.4
Check: running R code from vignettes
Result: ERROR
Errors in running code in vignettes:
when running code in ‘agua.Rmd’
...
> knitr::opts_chunk$set(collapse = TRUE, comment = "#>",
+ fig.width = 8, fig.height = 5.75, out.width = "95%")
> options(digits = 3)
> knitr::include_graphics("../man/figures/vip.png")
When sourcing ‘agua.R’:
Error: Cannot find the file(s): "../man/figures/vip.png"
Execution halted
‘agua.Rmd’ using ‘UTF-8’... failed
Flavors: r-oldrel-macos-arm64, r-oldrel-macos-x86_64