Last updated on 2025-07-21 01:48:58 CEST.
Flavor | Version | Tinstall | Tcheck | Ttotal | Status | Flags |
---|---|---|---|---|---|---|
r-devel-linux-x86_64-debian-clang | 1.2.1 | 11.82 | 102.78 | 114.60 | OK | |
r-devel-linux-x86_64-debian-gcc | 1.2.1 | 7.24 | 67.94 | 75.18 | OK | |
r-devel-linux-x86_64-fedora-clang | 1.2.1 | 175.99 | OK | |||
r-devel-linux-x86_64-fedora-gcc | 1.2.1 | 193.51 | OK | |||
r-devel-windows-x86_64 | 1.2.1 | 14.00 | 102.00 | 116.00 | OK | |
r-patched-linux-x86_64 | 1.2.1 | 10.28 | 91.85 | 102.13 | OK | |
r-release-linux-x86_64 | 1.2.1 | 10.89 | 90.53 | 101.42 | OK | |
r-release-macos-arm64 | 1.2.1 | 55.00 | OK | |||
r-release-macos-x86_64 | 1.2.1 | 82.00 | OK | |||
r-release-windows-x86_64 | 1.2.1 | 13.00 | 103.00 | 116.00 | OK | |
r-oldrel-macos-arm64 | 1.2.1 | 54.00 | NOTE | |||
r-oldrel-macos-x86_64 | 1.2.1 | 103.00 | NOTE | |||
r-oldrel-windows-x86_64 | 1.2.1 | 19.00 | 131.00 | 150.00 | NOTE |
Version: 1.2.1
Check: package dependencies
Result: NOTE
Package which this enhances but not available for checking: ‘asreml’
Flavors: r-oldrel-macos-arm64, r-oldrel-macos-x86_64, r-oldrel-windows-x86_64