Last updated on 2024-08-16 12:49:03 CEST.
Flavor | Version | Tinstall | Tcheck | Ttotal | Status | Flags |
---|---|---|---|---|---|---|
r-devel-linux-x86_64-debian-clang | 1.1.0 | 9.42 | 73.23 | 82.65 | OK | |
r-devel-linux-x86_64-debian-gcc | 1.1.0 | 7.02 | 52.16 | 59.18 | OK | |
r-devel-linux-x86_64-fedora-clang | 1.1.0 | 129.92 | OK | |||
r-devel-linux-x86_64-fedora-gcc | 1.1.0 | 137.62 | OK | |||
r-devel-windows-x86_64 | 1.1.0 | 11.00 | 89.00 | 100.00 | OK | |
r-patched-linux-x86_64 | 1.1.0 | 9.33 | 69.15 | 78.48 | NOTE | |
r-release-linux-x86_64 | 1.1.0 | 7.43 | 69.14 | 76.57 | NOTE | |
r-release-macos-arm64 | 1.1.0 | 56.00 | NOTE | |||
r-release-macos-x86_64 | 1.1.0 | 133.00 | NOTE | |||
r-release-windows-x86_64 | 1.1.0 | 12.00 | 88.00 | 100.00 | NOTE | |
r-oldrel-macos-arm64 | 1.1.0 | 12.00 | ERROR | |||
r-oldrel-macos-x86_64 | 1.1.0 | 13.00 | ERROR | |||
r-oldrel-windows-x86_64 | 1.1.0 | 17.00 | 102.00 | 119.00 | NOTE |
Version: 1.1.0
Check: DESCRIPTION meta-information
Result: NOTE
Packages listed in more than one of Depends, Imports, Suggests, Enhances:
‘lintr’ ‘pharmaversesdtm’ ‘pkgdown’ ‘testthat’
A package should be listed in only one of these fields.
Flavors: r-patched-linux-x86_64, r-release-linux-x86_64, r-release-macos-arm64, r-release-macos-x86_64, r-release-windows-x86_64, r-oldrel-windows-x86_64
Version: 1.1.0
Check: package dependencies
Result: ERROR
Package required and available but unsuitable version: ‘admiral’
See section ‘The DESCRIPTION file’ in the ‘Writing R Extensions’
manual.
Flavors: r-oldrel-macos-arm64, r-oldrel-macos-x86_64