Last updated on 2024-08-16 12:49:03 CEST.
Flavor | Version | Tinstall | Tcheck | Ttotal | Status | Flags |
---|---|---|---|---|---|---|
r-devel-linux-x86_64-debian-clang | 1.0.1 | 340.93 | 180.81 | 521.74 | OK | |
r-devel-linux-x86_64-debian-gcc | 1.0.1 | 267.60 | 135.77 | 403.37 | OK | |
r-devel-linux-x86_64-fedora-clang | 1.0.1 | 797.49 | NOTE | |||
r-devel-linux-x86_64-fedora-gcc | 1.0.1 | 1020.36 | OK | |||
r-devel-windows-x86_64 | 1.0.1 | 288.00 | 221.00 | 509.00 | NOTE | |
r-patched-linux-x86_64 | 1.0.1 | 361.20 | 192.96 | 554.16 | OK | |
r-release-linux-x86_64 | 1.0.1 | 346.84 | 196.43 | 543.27 | OK | |
r-release-macos-arm64 | 1.0.1 | 236.00 | NOTE | |||
r-release-macos-x86_64 | 1.0.1 | 448.00 | NOTE | |||
r-release-windows-x86_64 | 1.0.1 | 296.00 | 224.00 | 520.00 | NOTE | |
r-oldrel-macos-arm64 | 1.0.1 | 246.00 | NOTE | |||
r-oldrel-macos-x86_64 | 1.0.1 | 341.00 | NOTE | |||
r-oldrel-windows-x86_64 | 1.0.1 | 363.00 | 293.00 | 656.00 | NOTE |
Version: 1.0.1
Check: installed package size
Result: NOTE
installed size is 7.3Mb
sub-directories of 1Mb or more:
adelie 1.3Mb
libs 5.8Mb
Flavors: r-devel-linux-x86_64-fedora-clang, r-devel-windows-x86_64, r-release-macos-arm64, r-release-macos-x86_64, r-release-windows-x86_64, r-oldrel-macos-arm64, r-oldrel-macos-x86_64, r-oldrel-windows-x86_64