Last updated on 2024-08-16 12:49:03 CEST.
Flavor | Version | Tinstall | Tcheck | Ttotal | Status | Flags |
---|---|---|---|---|---|---|
r-devel-linux-x86_64-debian-clang | 1.0-21 | 29.32 | 304.36 | 333.68 | OK | |
r-devel-linux-x86_64-debian-gcc | 1.0-21 | 17.52 | 202.99 | 220.51 | OK | |
r-devel-linux-x86_64-fedora-clang | 1.0-21 | 536.28 | OK | |||
r-devel-linux-x86_64-fedora-gcc | 1.0-21 | 523.82 | OK | |||
r-devel-windows-x86_64 | 1.0-21 | 29.00 | 294.00 | 323.00 | OK | |
r-patched-linux-x86_64 | 1.0-21 | 32.83 | 284.36 | 317.19 | OK | |
r-release-linux-x86_64 | 1.0-21 | 26.59 | 286.55 | 313.14 | OK | |
r-release-macos-arm64 | 1.0-21 | 135.00 | NOTE | |||
r-release-macos-x86_64 | 1.0-21 | 268.00 | NOTE | |||
r-release-windows-x86_64 | 1.0-21 | 29.00 | 293.00 | 322.00 | OK | |
r-oldrel-macos-arm64 | 1.0-21 | 140.00 | NOTE | |||
r-oldrel-macos-x86_64 | 1.0-21 | 312.00 | NOTE | |||
r-oldrel-windows-x86_64 | 1.0-21 | 38.00 | 378.00 | 416.00 | OK |
Version: 1.0-21
Check: installed package size
Result: NOTE
installed size is 5.3Mb
sub-directories of 1Mb or more:
R 2.0Mb
doc 2.7Mb
Flavors: r-release-macos-arm64, r-release-macos-x86_64, r-oldrel-macos-arm64, r-oldrel-macos-x86_64