CRAN Package Check Results for Package adegraphics

Last updated on 2025-04-29 01:49:26 CEST.

Flavor Version Tinstall Tcheck Ttotal Status Flags
r-devel-linux-x86_64-debian-clang 1.0-22 28.72 320.45 349.17 OK
r-devel-linux-x86_64-debian-gcc 1.0-22 19.41 218.28 237.69 OK
r-devel-linux-x86_64-fedora-clang 1.0-22 582.65 OK
r-devel-linux-x86_64-fedora-gcc 1.0-22 578.26 OK
r-devel-windows-x86_64 1.0-22 29.00 305.00 334.00 OK
r-patched-linux-x86_64 1.0-22 32.56 303.84 336.40 OK
r-release-linux-x86_64 1.0-22 29.28 302.39 331.67 OK
r-release-macos-arm64 1.0-22 154.00 OK
r-release-macos-x86_64 1.0-22 373.00 OK
r-release-windows-x86_64 1.0-22 29.00 312.00 341.00 OK
r-oldrel-macos-arm64 1.0-22 154.00 NOTE
r-oldrel-macos-x86_64 1.0-22 374.00 NOTE
r-oldrel-windows-x86_64 1.0-22 42.00 410.00 452.00 OK

Check Details

Version: 1.0-22
Check: installed package size
Result: NOTE installed size is 5.3Mb sub-directories of 1Mb or more: R 2.1Mb doc 2.7Mb Flavors: r-oldrel-macos-arm64, r-oldrel-macos-x86_64