Last updated on 2024-07-13 12:48:09 CEST.
Flavor | Version | Tinstall | Tcheck | Ttotal | Status | Flags |
---|---|---|---|---|---|---|
r-devel-linux-x86_64-debian-clang | 1.7-22 | 108.38 | 387.20 | 495.58 | NOTE | |
r-devel-linux-x86_64-debian-gcc | 1.7-22 | 80.12 | 270.56 | 350.68 | NOTE | |
r-devel-linux-x86_64-fedora-clang | 1.7-22 | 597.14 | NOTE | |||
r-devel-linux-x86_64-fedora-gcc | 1.7-22 | 570.62 | NOTE | |||
r-devel-windows-x86_64 | 1.7-22 | 79.00 | 371.00 | 450.00 | NOTE | |
r-patched-linux-x86_64 | 1.7-22 | 106.26 | 361.02 | 467.28 | NOTE | |
r-release-linux-x86_64 | 1.7-22 | 86.40 | 359.12 | 445.52 | NOTE | |
r-release-macos-arm64 | 1.7-22 | 140.00 | NOTE | |||
r-release-macos-x86_64 | 1.7-22 | 250.00 | NOTE | |||
r-release-windows-x86_64 | 1.7-22 | 81.00 | 372.00 | 453.00 | NOTE | |
r-oldrel-macos-arm64 | 1.7-22 | 147.00 | NOTE | |||
r-oldrel-macos-x86_64 | 1.7-22 | 266.00 | NOTE | |||
r-oldrel-windows-x86_64 | 1.7-22 | 102.00 | 466.00 | 568.00 | NOTE |
Version: 1.7-22
Check: Rd files
Result: NOTE
checkRd: (-1) varipart.Rd:19: Lost braces
19 | \item{type}{a character specifying the algorithm which should be used to adjust R-squared (either \code{"simulated"} or \ code{"parametric"}).}
| ^
Flavors: r-devel-linux-x86_64-debian-clang, r-devel-linux-x86_64-debian-gcc, r-devel-linux-x86_64-fedora-clang, r-devel-linux-x86_64-fedora-gcc, r-devel-windows-x86_64, r-patched-linux-x86_64, r-release-linux-x86_64, r-release-macos-arm64, r-release-macos-x86_64, r-release-windows-x86_64
Version: 1.7-22
Check: installed package size
Result: NOTE
installed size is 6.4Mb
sub-directories of 1Mb or more:
R 1.4Mb
data 3.0Mb
Flavors: r-devel-linux-x86_64-fedora-clang, r-devel-windows-x86_64, r-release-macos-arm64, r-release-macos-x86_64, r-release-windows-x86_64, r-oldrel-macos-arm64, r-oldrel-macos-x86_64, r-oldrel-windows-x86_64
Version: 1.7-22
Check: dependencies in R code
Result: NOTE
Namespace in Imports field not imported from: ‘sp’
All declared Imports should be used.
Flavors: r-devel-linux-x86_64-fedora-clang, r-devel-linux-x86_64-fedora-gcc