Last updated on 2025-05-19 01:49:46 CEST.
Flavor | Version | Tinstall | Tcheck | Ttotal | Status | Flags |
---|---|---|---|---|---|---|
r-devel-linux-x86_64-debian-clang | 0.1.6 | 7.32 | 54.76 | 62.08 | OK | |
r-devel-linux-x86_64-debian-gcc | 0.1.6 | 4.33 | 40.32 | 44.65 | OK | |
r-devel-linux-x86_64-fedora-clang | 0.1.6 | 96.34 | OK | |||
r-devel-linux-x86_64-fedora-gcc | 0.1.6 | 104.26 | OK | |||
r-devel-windows-x86_64 | 0.1.6 | 11.00 | 73.00 | 84.00 | OK | |
r-patched-linux-x86_64 | 0.1.6 | 6.34 | 49.67 | 56.01 | OK | |
r-release-linux-x86_64 | 0.1.6 | 4.87 | 49.62 | 54.49 | OK | |
r-release-macos-arm64 | 0.1.6 | 36.00 | OK | |||
r-release-macos-x86_64 | 0.1.6 | 80.00 | OK | |||
r-release-windows-x86_64 | 0.1.6 | 8.00 | 70.00 | 78.00 | OK | |
r-oldrel-macos-arm64 | 0.1.6 | 34.00 | NOTE | |||
r-oldrel-macos-x86_64 | 0.1.6 | 53.00 | NOTE | |||
r-oldrel-windows-x86_64 | 0.1.6 | 10.00 | 82.00 | 92.00 | NOTE |
Version: 0.1.6
Check: LazyData
Result: NOTE
'LazyData' is specified without a 'data' directory
Flavors: r-oldrel-macos-arm64, r-oldrel-macos-x86_64, r-oldrel-windows-x86_64