Last updated on 2025-05-19 01:49:46 CEST.
Flavor | Version | Tinstall | Tcheck | Ttotal | Status | Flags |
---|---|---|---|---|---|---|
r-devel-linux-x86_64-debian-clang | 1.1.1 | 2.13 | 30.39 | 32.52 | OK | |
r-devel-linux-x86_64-debian-gcc | 1.1.1 | 1.92 | 23.98 | 25.90 | OK | |
r-devel-linux-x86_64-fedora-clang | 1.1.1 | 51.19 | OK | |||
r-devel-linux-x86_64-fedora-gcc | 1.1.1 | 62.25 | OK | |||
r-devel-windows-x86_64 | 1.1.1 | 4.00 | 64.00 | 68.00 | OK | |
r-patched-linux-x86_64 | 1.1.1 | 2.16 | 28.25 | 30.41 | OK | |
r-release-linux-x86_64 | 1.1.1 | 2.40 | 28.12 | 30.52 | OK | |
r-release-macos-arm64 | 1.1.1 | 38.00 | OK | |||
r-release-macos-x86_64 | 1.1.1 | 45.00 | OK | |||
r-release-windows-x86_64 | 1.1.1 | 4.00 | 60.00 | 64.00 | OK | |
r-oldrel-macos-arm64 | 1.1.1 | 26.00 | NOTE | |||
r-oldrel-macos-x86_64 | 1.1.1 | 44.00 | NOTE | |||
r-oldrel-windows-x86_64 | 1.1.1 | 4.00 | 61.00 | 65.00 | NOTE |
Version: 1.1.1
Check: LazyData
Result: NOTE
'LazyData' is specified without a 'data' directory
Flavors: r-oldrel-macos-arm64, r-oldrel-macos-x86_64, r-oldrel-windows-x86_64