CRAN Package Check Results for Package acoRn

Last updated on 2025-07-22 01:49:11 CEST.

Flavor Version Tinstall Tcheck Ttotal Status Flags
r-devel-linux-x86_64-debian-clang 0.1.0 3.08 42.86 45.94 NOTE
r-devel-linux-x86_64-debian-gcc 0.1.0 2.36 31.42 33.78 NOTE
r-devel-linux-x86_64-fedora-clang 0.1.0 66.84 NOTE
r-devel-linux-x86_64-fedora-gcc 0.1.0 55.64 NOTE
r-devel-windows-x86_64 0.1.0 5.00 50.00 55.00 NOTE
r-patched-linux-x86_64 0.1.0 3.43 34.03 37.46 NOTE
r-release-linux-x86_64 0.1.0 2.62 34.72 37.34 NOTE
r-release-macos-arm64 0.1.0 24.00 NOTE
r-release-macos-x86_64 0.1.0 40.00 NOTE
r-release-windows-x86_64 0.1.0 5.00 53.00 58.00 NOTE
r-oldrel-macos-arm64 0.1.0 22.00 OK
r-oldrel-macos-x86_64 0.1.0 55.00 OK
r-oldrel-windows-x86_64 0.1.0 5.00 60.00 65.00 OK

Check Details

Version: 0.1.0
Check: DESCRIPTION meta-information
Result: NOTE Missing dependency on R >= 4.1.0 because package code uses the pipe |> or function shorthand \(...) syntax added in R 4.1.0. File(s) using such syntax: ‘acoRn.R’ ‘clean_input.R’ ‘create_mock_dataset.R’ ‘exclude_duplicates.R’ ‘find_parents.R’ ‘identify_duplicates.R’ Flavors: r-devel-linux-x86_64-debian-clang, r-devel-linux-x86_64-debian-gcc, r-devel-linux-x86_64-fedora-clang, r-devel-linux-x86_64-fedora-gcc, r-devel-windows-x86_64, r-patched-linux-x86_64, r-release-linux-x86_64, r-release-macos-arm64, r-release-macos-x86_64, r-release-windows-x86_64