Last updated on 2025-05-19 12:49:57 CEST.
Flavor | Version | Tinstall | Tcheck | Ttotal | Status | Flags |
---|---|---|---|---|---|---|
r-devel-linux-x86_64-debian-clang | 0.2 | 6.17 | 49.87 | 56.04 | NOTE | |
r-devel-linux-x86_64-debian-gcc | 0.2 | 4.73 | 36.21 | 40.94 | NOTE | |
r-devel-linux-x86_64-fedora-clang | 0.2 | 86.13 | OK | |||
r-devel-linux-x86_64-fedora-gcc | 0.2 | 88.58 | OK | |||
r-devel-windows-x86_64 | 0.2 | 8.00 | 75.00 | 83.00 | OK | |
r-patched-linux-x86_64 | 0.2 | 5.43 | 45.08 | 50.51 | OK | |
r-release-linux-x86_64 | 0.2 | 5.57 | 45.36 | 50.93 | OK | |
r-release-macos-arm64 | 0.2 | 26.00 | OK | |||
r-release-macos-x86_64 | 0.2 | 48.00 | OK | |||
r-release-windows-x86_64 | 0.2 | 7.00 | 72.00 | 79.00 | OK | |
r-oldrel-macos-arm64 | 0.2 | 25.00 | OK | |||
r-oldrel-macos-x86_64 | 0.2 | 44.00 | OK | |||
r-oldrel-windows-x86_64 | 0.2 | 9.00 | 78.00 | 87.00 | OK |
Version: 0.2
Check: CRAN incoming feasibility
Result: NOTE
Maintainer: ‘livio finos <livio.finos@unipd.it>’
No Authors@R field in DESCRIPTION.
Please add one, modifying
Authors@R: person(given = "Livio",
family = "Finos",
role = c("aut", "cre"),
email = "livio.finos@unipd.it")
as necessary.
Flavors: r-devel-linux-x86_64-debian-clang, r-devel-linux-x86_64-debian-gcc