CRAN Package Check Results for Package acca

Last updated on 2025-04-29 01:49:26 CEST.

Flavor Version Tinstall Tcheck Ttotal Status Flags
r-devel-linux-x86_64-debian-clang 0.2 5.09 43.17 48.26 OK
r-devel-linux-x86_64-debian-gcc 0.2 3.92 35.22 39.14 NOTE
r-devel-linux-x86_64-fedora-clang 0.2 77.67 OK
r-devel-linux-x86_64-fedora-gcc 0.2 72.26 OK
r-devel-windows-x86_64 0.2 7.00 67.00 74.00 OK
r-patched-linux-x86_64 0.2 5.83 45.71 51.54 OK
r-release-linux-x86_64 0.2 5.11 45.28 50.39 OK
r-release-macos-arm64 0.2 26.00 OK
r-release-macos-x86_64 0.2 48.00 OK
r-release-windows-x86_64 0.2 8.00 0.00 8.00 FAIL
r-oldrel-macos-arm64 0.2 25.00 OK
r-oldrel-macos-x86_64 0.2 44.00 OK
r-oldrel-windows-x86_64 0.2 9.00 78.00 87.00 OK

Check Details

Version: 0.2
Check: CRAN incoming feasibility
Result: NOTE Maintainer: ‘livio finos <livio.finos@unipd.it>’ No Authors@R field in DESCRIPTION. Please add one, modifying Authors@R: person(given = "Livio", family = "Finos", role = c("aut", "cre"), email = "livio.finos@unipd.it") as necessary. Flavor: r-devel-linux-x86_64-debian-gcc

Version: 0.2
Check: PDF version of manual
Result: FAIL Check process probably crashed or hung up for 20 minutes ... killed Most likely this happened in the example checks (?), if not, ignore the following last lines of example output: n Y variables: 7 Correlations: 0.330 0.273 0.207 0.191 0.144> > ccbiplot(mod) > > mod=cc_inference(mod, B = 100, numb_cc = 3) > mod a Canonical Correlation Analysis n obs: 100 n X variables: 5 n Y variables: 7 Correlations: 0.330 0.273 0.207 0.191 0.144 p-values: 0.960 1.000 1.000 1.000 1.000 n perms (B): 100> > > > ### * <FOOTER> > ### > cleanEx() > options(digits = 7L) > base::cat("Time elapsed: ", proc.time() - base::get("ptime", pos = 'CheckExEnv'),"\n") Time elapsed: 1.71 0.26 1.97 NA NA > grDevices::dev.off() null device 1 > ### > ### Local variables: *** > ### mode: outline-minor *** > ### outline-regexp: "\\(> \\)?### [*]+" *** > ### End: *** > quit('no') ======== End of example output (where/before crash/hang up occured ?) ======== Flavor: r-release-windows-x86_64