Last updated on 2025-04-29 01:49:26 CEST.
Flavor | Version | Tinstall | Tcheck | Ttotal | Status | Flags |
---|---|---|---|---|---|---|
r-devel-linux-x86_64-debian-clang | 0.1.0 | 5.48 | 55.12 | 60.60 | OK | |
r-devel-linux-x86_64-debian-gcc | 0.1.0 | 4.50 | 43.96 | 48.46 | NOTE | |
r-devel-linux-x86_64-fedora-clang | 0.1.0 | 96.68 | OK | |||
r-devel-linux-x86_64-fedora-gcc | 0.1.0 | 106.40 | OK | |||
r-devel-windows-x86_64 | 0.1.0 | 9.00 | 76.00 | 85.00 | OK | |
r-patched-linux-x86_64 | 0.1.0 | 5.52 | 57.15 | 62.67 | OK | |
r-release-linux-x86_64 | 0.1.0 | 5.73 | 56.60 | 62.33 | OK | |
r-release-macos-arm64 | 0.1.0 | 40.00 | OK | |||
r-release-macos-x86_64 | 0.1.0 | 67.00 | OK | |||
r-release-windows-x86_64 | 0.1.0 | 10.00 | 79.00 | 89.00 | OK | |
r-oldrel-macos-arm64 | 0.1.0 | 36.00 | NOTE | |||
r-oldrel-macos-x86_64 | 0.1.0 | 59.00 | NOTE | |||
r-oldrel-windows-x86_64 | 0.1.0 | 11.00 | 94.00 | 105.00 | NOTE |
Version: 0.1.0
Check: CRAN incoming feasibility
Result: NOTE
Maintainer: ‘Matthew Kumar <mattkumar@gmail.com>’
No Authors@R field in DESCRIPTION.
Please add one, modifying
Authors@R: person(given = "Matthew",
family = "Kumar",
role = c("aut", "cre"),
email = "mattkumar@gmail.com")
as necessary.
Flavor: r-devel-linux-x86_64-debian-gcc
Version: 0.1.0
Check: LazyData
Result: NOTE
'LazyData' is specified without a 'data' directory
Flavors: r-oldrel-macos-arm64, r-oldrel-macos-x86_64, r-oldrel-windows-x86_64