Last updated on 2024-06-30 00:59:08 CEST.
Flavor | Version | Tinstall | Tcheck | Ttotal | Status | Flags |
---|---|---|---|---|---|---|
r-devel-linux-x86_64-debian-clang | 1.9 | 98.45 | 102.44 | 200.89 | OK | |
r-devel-linux-x86_64-debian-gcc | 1.9 | 62.21 | 74.94 | 137.15 | OK | |
r-devel-linux-x86_64-fedora-clang | 1.9 | 269.13 | OK | |||
r-devel-linux-x86_64-fedora-gcc | 1.9 | 262.61 | OK | |||
r-devel-windows-x86_64 | 1.9 | 74.00 | 106.00 | 180.00 | OK | |
r-patched-linux-x86_64 | 1.9 | 81.33 | 93.87 | 175.20 | OK | |
r-release-linux-x86_64 | 1.9 | 56.17 | 96.73 | 152.90 | OK | |
r-release-macos-arm64 | 1.9 | 77.00 | NOTE | |||
r-release-macos-x86_64 | 1.9 | 94.00 | NOTE | |||
r-release-windows-x86_64 | 1.9 | 73.00 | 107.00 | 180.00 | OK | |
r-oldrel-macos-arm64 | 1.9 | 71.00 | NOTE | |||
r-oldrel-macos-x86_64 | 1.9 | 114.00 | NOTE | |||
r-oldrel-windows-x86_64 | 1.9 | 91.00 | 134.00 | 225.00 | OK |
Version: 1.9
Check: installed package size
Result: NOTE
installed size is 5.3Mb
sub-directories of 1Mb or more:
data 2.6Mb
libs 2.4Mb
Flavors: r-release-macos-arm64, r-release-macos-x86_64, r-oldrel-macos-arm64, r-oldrel-macos-x86_64