Last updated on 2025-04-29 01:49:52 CEST.
Flavor | Version | Tinstall | Tcheck | Ttotal | Status | Flags |
---|---|---|---|---|---|---|
r-devel-linux-x86_64-debian-clang | 0.2.0 | 9.13 | 76.16 | 85.29 | OK | |
r-devel-linux-x86_64-debian-gcc | 0.2.0 | 6.81 | 56.32 | 63.13 | NOTE | |
r-devel-linux-x86_64-fedora-clang | 0.2.0 | 141.18 | OK | |||
r-devel-linux-x86_64-fedora-gcc | 0.2.0 | 151.94 | OK | |||
r-devel-windows-x86_64 | 0.2.0 | 9.00 | 161.00 | 170.00 | OK | |
r-patched-linux-x86_64 | 0.2.0 | 8.69 | 73.24 | 81.93 | OK | |
r-release-linux-x86_64 | 0.2.0 | 8.81 | 74.52 | 83.33 | OK | |
r-release-macos-arm64 | 0.2.0 | 101.00 | OK | |||
r-release-macos-x86_64 | 0.2.0 | 205.00 | OK | |||
r-release-windows-x86_64 | 0.2.0 | 10.00 | 162.00 | 172.00 | OK | |
r-oldrel-macos-arm64 | 0.2.0 | 85.00 | OK | |||
r-oldrel-macos-x86_64 | 0.2.0 | 140.00 | OK | |||
r-oldrel-windows-x86_64 | 0.2.0 | 13.00 | 234.00 | 247.00 | OK |
Version: 0.2.0
Check: examples
Result: NOTE
Examples with CPU (user + system) or elapsed time > 5s
user system elapsed
plotZLA 0.767 0.049 6.595
testZLA 0.119 0.004 6.639
Flavor: r-devel-linux-x86_64-debian-gcc