Last updated on 2025-05-19 01:50:13 CEST.
Flavor | Version | Tinstall | Tcheck | Ttotal | Status | Flags |
---|---|---|---|---|---|---|
r-devel-linux-x86_64-debian-clang | 0.1.1 | 3.54 | 128.52 | 132.06 | NOTE | |
r-devel-linux-x86_64-debian-gcc | 0.1.1 | 2.80 | 176.95 | 179.75 | NOTE | |
r-devel-linux-x86_64-fedora-clang | 0.1.1 | 161.42 | OK | |||
r-devel-linux-x86_64-fedora-gcc | 0.1.1 | 185.84 | OK | |||
r-devel-windows-x86_64 | 0.1.1 | 5.00 | 105.00 | 110.00 | OK | |
r-patched-linux-x86_64 | 0.1.1 | 3.26 | 154.07 | 157.33 | OK | |
r-release-linux-x86_64 | 0.1.1 | 3.39 | 147.19 | 150.58 | OK | |
r-release-macos-arm64 | 0.1.1 | 66.00 | OK | |||
r-release-macos-x86_64 | 0.1.1 | 98.00 | OK | |||
r-release-windows-x86_64 | 0.1.1 | 4.00 | 97.00 | 101.00 | OK | |
r-oldrel-macos-arm64 | 0.1.1 | 38.00 | OK | |||
r-oldrel-macos-x86_64 | 0.1.1 | 92.00 | OK | |||
r-oldrel-windows-x86_64 | 0.1.1 | 6.00 | 109.00 | 115.00 | OK |
Version: 0.1.1
Check: CRAN incoming feasibility
Result: NOTE
Maintainer: ‘Melina Ribaud <melina.ribaud@gmail.com>’
No Authors@R field in DESCRIPTION.
Please add one, modifying
Authors@R: person(given = "Melina",
family = "Ribaud",
role = c("aut", "cre"),
email = "melina.ribaud@gmail.com")
as necessary.
Flavors: r-devel-linux-x86_64-debian-clang, r-devel-linux-x86_64-debian-gcc