Last updated on 2025-11-05 00:49:49 CET.
| Flavor | Version | Tinstall | Tcheck | Ttotal | Status | Flags |
|---|---|---|---|---|---|---|
| r-devel-linux-x86_64-debian-clang | 0.1.1 | 3.17 | 132.77 | 135.94 | NOTE | |
| r-devel-linux-x86_64-debian-gcc | 0.1.1 | 2.64 | 147.04 | 149.68 | NOTE | |
| r-devel-linux-x86_64-fedora-clang | 0.1.1 | 158.47 | OK | |||
| r-devel-linux-x86_64-fedora-gcc | 0.1.1 | 182.72 | OK | |||
| r-devel-windows-x86_64 | 0.1.1 | 5.00 | 91.00 | 96.00 | OK | |
| r-patched-linux-x86_64 | 0.1.1 | 3.28 | 149.42 | 152.70 | OK | |
| r-release-linux-x86_64 | 0.1.1 | 3.02 | 140.72 | 143.74 | OK | |
| r-release-macos-arm64 | 0.1.1 | 2.00 | 64.00 | 66.00 | OK | |
| r-release-macos-x86_64 | 0.1.1 | 4.00 | 94.00 | 98.00 | OK | |
| r-release-windows-x86_64 | 0.1.1 | 5.00 | 91.00 | 96.00 | OK | |
| r-oldrel-macos-arm64 | 0.1.1 | 2.00 | 36.00 | 38.00 | OK | |
| r-oldrel-macos-x86_64 | 0.1.1 | 4.00 | 88.00 | 92.00 | OK | |
| r-oldrel-windows-x86_64 | 0.1.1 | 6.00 | 106.00 | 112.00 | OK |
Version: 0.1.1
Check: CRAN incoming feasibility
Result: NOTE
Maintainer: ‘Melina Ribaud <melina.ribaud@gmail.com>’
No Authors@R field in DESCRIPTION.
Please add one, modifying
Authors@R: person(given = "Melina",
family = "Ribaud",
role = c("aut", "cre"),
email = "melina.ribaud@gmail.com")
as necessary.
Flavors: r-devel-linux-x86_64-debian-clang, r-devel-linux-x86_64-debian-gcc